
{"id":8600,"date":"2017-02-06T12:53:16","date_gmt":"2017-02-06T18:53:16","guid":{"rendered":"https:\/\/uwm.edu\/language-resource-center\/?page_id=8600"},"modified":"2018-09-25T15:32:02","modified_gmt":"2018-09-25T20:32:02","slug":"chapter-xx","status":"publish","type":"page","link":"https:\/\/uwm.edu\/language-resource-center\/resources\/latin\/latin-104\/chapter-xx\/","title":{"rendered":"Chapter XX"},"content":{"rendered":"<div id=\"activities\">\r\n\r\n\r\n<div class=\"row\">\r\n\r\n<!-- chapter image column -->\r\n<div class=\"col-md-3\">\r\n<img decoding=\"async\" src=\"https:\/\/uwm.edu\/language-resource-center\/wp-content\/uploads\/sites\/201\/2017\/02\/latin_quizlet_ch20.gif\" \/>\r\n<!-- close 'col-md-3' -->\r\n<\/div>\r\n\r\n<!-- content column -->\r\n<div class=\"col-md-9\">\r\n<h3>Quizlet Chapter XX<\/h3>\r\n<h4><a href=\"https:\/\/quizlet.com\/274054691\/capitulum-20-vocabulary-flash-cards\/\" target=\"_blank\">Go to Quizlet &raquo;<\/a><\/h4>\r\n<h4 class=\"toggle\">More Information<\/h4>\r\n<div class=\"panel\">\r\n<p>\r\nadveh\u014d advehere, adv\u0113x\u012b, advectum\tto carry to\t<br>\r\nadversus\ttowards\t<br>\r\nali\u0113nus, -a, -um\tbelonging to another\t<br>\r\nal\u014d, alere, alu\u012b, altum\tto nourish\t<br>\r\ncare\u014d, car\u0113re, caru\u012b, &#8212;\tto lack\t<br>\r\ncolloquium, -\u012b (n.)\tconversation\t<br>\r\ncollorquor, colloqu\u012b, collocutus sum\tto cconverse\t<br>\r\ncr\u0101s\ttomorrow\t<br>\r\ncunae, -\u0101rum\tcrib\t<br>\r\ndecet, dec\u0113re, decuit\tit is proper\/fitting (impersonal)\t<br>\r\nd\u0113beo, deb\u0113re, d\u0113bu\u012b, debitum\tto owe, ought\t<br>\r\nd\u012blig\u014d, d\u012bligere, d\u012blex\u012b, d\u012blectum\tto cherish, to value, to love\t<br>\r\nfor, f\u0101r\u012b fatus sum\tto speak\t<br>\r\nfut\u016brus, -a, -um\tfuture\t<br>\r\ngradus, grad\u016bs\tstep, pace\t<br>\r\nlac, lactis\tmilk\t<br>\r\nmagis\tmore\t<br>\r\nmane\u014d, man\u0113re, mans\u012b, mansum\tto remain, to stay\t<br>\r\nminim\u0113\tnot at all\t<br>\r\nmox\tsoon\t<br>\r\nmulier, mulieris (f.)\twoman, wife\t<br>\r\nnecess\u0101rius, -a, -um\tnecessary\t<br>\r\nnol\u014d, nolle, nolu\u012b &#8212;\tto to want\t<br>\r\nn\u016btrix, n\u016btricis (f.)\tnurse, wet nurse\t<br>\r\noccurr\u014d, occurrere, occucurr\u012b occursum\tto run, to meet up, to run up\t<br>\r\nofficium, -\u012b (n.)\tduty, service, office\t<br>\r\nperg\u014d, pergere, perr\u0113x\u012b, &#8212;\tto continue on, to proceed with\t<br>\r\npostul\u014d, postul\u0101re\tto request, to demand\t<br>\r\npraeterius, -a, -um\tpast (referring to time)\t<br>\r\nproect\u014d\tin fact, indeed\t<br>\r\nreventor, revert\u012b, reversus sum\tto turn back\t<br>\r\nr\u0101r\u014d\trarely\t<br>\r\nserm\u014d, serm\u014dnis, (m.)\tspeech, conversation\t<br>\r\nsilentium, -\u012b (n.)\tsilence\t<br>\r\nsile\u014d, sil\u0113re, silu\u012b, &#8212;\tto be silent\t<br>\r\nsomnus, -\u012b (m.)\tsleep\t<br>\r\ns\u012bve&#8230;s\u012bve\twhether&#8230;or\t<br>\r\nvol\u014d, velle, volu\u012b, &#8212;\tto wish, to want\t<br>\r\nv\u0101gi\u014d, v\u0101g\u012bre, v\u0101giv\u012b, v\u0101gitum\tto wail, to cry (pf babies)\t<br>\r\n\u012bnfans, infantis (c.)\tinfant, baby\t<br>\r\n\u016bna cum\tcome togehter with\t<br>\r\n<img decoding=\"async\" src=\"https:\/\/uwm.edu\/language-resource-center\/wp-content\/uploads\/sites\/201\/2017\/02\/latin_quizlet_ch20.png\" width=\"100\" \/>\r\n\r\n<\/p>\r\n<\/div>\r\n<\/div>\r\n<\/div>","protected":false},"excerpt":{"rendered":"Quizlet Chapter XX Go to Quizlet &raquo; More Information adveh\u014d advehere, adv\u0113x\u012b, advectum to carry to adversus towards ali\u0113nus, -a, -um belonging to another al\u014d, alere, alu\u012b, altum to nourish care\u014d, car\u0113re, caru\u012b, &#8212; to lack colloquium, -\u012b (n.) conversa&hellip; <span class=\"ls-more-link\"><a href=\"https:\/\/uwm.edu\/language-resource-center\/resources\/latin\/latin-104\/chapter-xx\/\"><em>Continue Reading<\/em> &raquo;<\/a><\/span>","protected":false},"author":3128,"featured_media":0,"parent":8591,"menu_order":8,"comment_status":"closed","ping_status":"closed","template":"page-templates\/ls-2col-sidebar-left.php","meta":{"_acf_changed":false,"footnotes":"","uwm_wg_additional_authors":[]},"class_list":["post-8600","page","type-page","status-publish","hentry"],"yoast_head":"<!-- This site is optimized with the Yoast SEO Premium plugin v27.3 (Yoast SEO v27.3) - https:\/\/yoast.com\/product\/yoast-seo-premium-wordpress\/ -->\n<title>Chapter XX - Language Resource Center<\/title>\n<meta name=\"robots\" content=\"index, follow, max-snippet:-1, max-image-preview:large, max-video-preview:-1\" \/>\n<link rel=\"canonical\" href=\"https:\/\/uwm.edu\/language-resource-center\/resources\/latin\/latin-104\/chapter-xx\/\" \/>\n<meta property=\"og:locale\" content=\"en_US\" \/>\n<meta property=\"og:type\" content=\"article\" \/>\n<meta property=\"og:title\" content=\"Chapter XX\" \/>\n<meta property=\"og:description\" content=\"Quizlet Chapter XX Go to Quizlet &raquo; More Information adveh\u014d advehere, adv\u0113x\u012b, advectum to carry to adversus towards ali\u0113nus, -a, -um belonging to another al\u014d, alere, alu\u012b, altum to nourish care\u014d, car\u0113re, caru\u012b, &#8212; to lack colloquium, -\u012b (n.) conversation\" \/>\n<meta property=\"og:url\" content=\"https:\/\/uwm.edu\/language-resource-center\/resources\/latin\/latin-104\/chapter-xx\/\" \/>\n<meta property=\"og:site_name\" content=\"Language Resource Center\" \/>\n<meta property=\"article:modified_time\" content=\"2018-09-25T20:32:02+00:00\" \/>\n<meta property=\"og:image\" content=\"https:\/\/uwm.edu\/language-resource-center\/wp-content\/uploads\/sites\/201\/2017\/02\/latin_quizlet_ch20.gif\" \/>\n<meta name=\"twitter:card\" content=\"summary_large_image\" \/>\n<meta name=\"twitter:label1\" content=\"Est. reading time\" \/>\n\t<meta name=\"twitter:data1\" content=\"1 minute\" \/>\n<script type=\"application\/ld+json\" class=\"yoast-schema-graph\">{\"@context\":\"https:\\\/\\\/schema.org\",\"@graph\":[{\"@type\":\"WebPage\",\"@id\":\"https:\\\/\\\/uwm.edu\\\/language-resource-center\\\/resources\\\/latin\\\/latin-104\\\/chapter-xx\\\/\",\"url\":\"https:\\\/\\\/uwm.edu\\\/language-resource-center\\\/resources\\\/latin\\\/latin-104\\\/chapter-xx\\\/\",\"name\":\"Chapter XX - Language Resource Center\",\"isPartOf\":{\"@id\":\"https:\\\/\\\/uwm.edu\\\/language-resource-center\\\/#website\"},\"primaryImageOfPage\":{\"@id\":\"https:\\\/\\\/uwm.edu\\\/language-resource-center\\\/resources\\\/latin\\\/latin-104\\\/chapter-xx\\\/#primaryimage\"},\"image\":{\"@id\":\"https:\\\/\\\/uwm.edu\\\/language-resource-center\\\/resources\\\/latin\\\/latin-104\\\/chapter-xx\\\/#primaryimage\"},\"thumbnailUrl\":\"https:\\\/\\\/uwm.edu\\\/language-resource-center\\\/wp-content\\\/uploads\\\/sites\\\/201\\\/2017\\\/02\\\/latin_quizlet_ch20.gif\",\"datePublished\":\"2017-02-06T18:53:16+00:00\",\"dateModified\":\"2018-09-25T20:32:02+00:00\",\"breadcrumb\":{\"@id\":\"https:\\\/\\\/uwm.edu\\\/language-resource-center\\\/resources\\\/latin\\\/latin-104\\\/chapter-xx\\\/#breadcrumb\"},\"inLanguage\":\"en-US\",\"potentialAction\":[{\"@type\":\"ReadAction\",\"target\":[\"https:\\\/\\\/uwm.edu\\\/language-resource-center\\\/resources\\\/latin\\\/latin-104\\\/chapter-xx\\\/\"]}]},{\"@type\":\"ImageObject\",\"inLanguage\":\"en-US\",\"@id\":\"https:\\\/\\\/uwm.edu\\\/language-resource-center\\\/resources\\\/latin\\\/latin-104\\\/chapter-xx\\\/#primaryimage\",\"url\":\"https:\\\/\\\/uwm.edu\\\/language-resource-center\\\/wp-content\\\/uploads\\\/sites\\\/201\\\/2017\\\/02\\\/latin_quizlet_ch20.gif\",\"contentUrl\":\"https:\\\/\\\/uwm.edu\\\/language-resource-center\\\/wp-content\\\/uploads\\\/sites\\\/201\\\/2017\\\/02\\\/latin_quizlet_ch20.gif\",\"width\":175,\"height\":117},{\"@type\":\"BreadcrumbList\",\"@id\":\"https:\\\/\\\/uwm.edu\\\/language-resource-center\\\/resources\\\/latin\\\/latin-104\\\/chapter-xx\\\/#breadcrumb\",\"itemListElement\":[{\"@type\":\"ListItem\",\"position\":1,\"name\":\"Home\",\"item\":\"https:\\\/\\\/uwm.edu\\\/language-resource-center\\\/\"},{\"@type\":\"ListItem\",\"position\":2,\"name\":\"Resources\",\"item\":\"https:\\\/\\\/uwm.edu\\\/language-resource-center\\\/resources\\\/\"},{\"@type\":\"ListItem\",\"position\":3,\"name\":\"Latin\",\"item\":\"https:\\\/\\\/uwm.edu\\\/language-resource-center\\\/resources\\\/latin\\\/\"},{\"@type\":\"ListItem\",\"position\":4,\"name\":\"Latin 104\",\"item\":\"https:\\\/\\\/uwm.edu\\\/language-resource-center\\\/resources\\\/latin\\\/latin-104\\\/\"},{\"@type\":\"ListItem\",\"position\":5,\"name\":\"Chapter XX\"}]},{\"@type\":\"WebSite\",\"@id\":\"https:\\\/\\\/uwm.edu\\\/language-resource-center\\\/#website\",\"url\":\"https:\\\/\\\/uwm.edu\\\/language-resource-center\\\/\",\"name\":\"Language Resource Center\",\"description\":\"\",\"potentialAction\":[{\"@type\":\"SearchAction\",\"target\":{\"@type\":\"EntryPoint\",\"urlTemplate\":\"https:\\\/\\\/uwm.edu\\\/language-resource-center\\\/?s={search_term_string}\"},\"query-input\":{\"@type\":\"PropertyValueSpecification\",\"valueRequired\":true,\"valueName\":\"search_term_string\"}}],\"inLanguage\":\"en-US\"}]}<\/script>\n<!-- \/ Yoast SEO Premium plugin. -->","yoast_head_json":{"title":"Chapter XX - Language Resource Center","robots":{"index":"index","follow":"follow","max-snippet":"max-snippet:-1","max-image-preview":"max-image-preview:large","max-video-preview":"max-video-preview:-1"},"canonical":"https:\/\/uwm.edu\/language-resource-center\/resources\/latin\/latin-104\/chapter-xx\/","og_locale":"en_US","og_type":"article","og_title":"Chapter XX","og_description":"Quizlet Chapter XX Go to Quizlet &raquo; More Information adveh\u014d advehere, adv\u0113x\u012b, advectum to carry to adversus towards ali\u0113nus, -a, -um belonging to another al\u014d, alere, alu\u012b, altum to nourish care\u014d, car\u0113re, caru\u012b, &#8212; to lack colloquium, -\u012b (n.) conversation","og_url":"https:\/\/uwm.edu\/language-resource-center\/resources\/latin\/latin-104\/chapter-xx\/","og_site_name":"Language Resource Center","article_modified_time":"2018-09-25T20:32:02+00:00","og_image":[{"url":"https:\/\/uwm.edu\/language-resource-center\/wp-content\/uploads\/sites\/201\/2017\/02\/latin_quizlet_ch20.gif","type":"","width":"","height":""}],"twitter_card":"summary_large_image","twitter_misc":{"Est. reading time":"1 minute"},"schema":{"@context":"https:\/\/schema.org","@graph":[{"@type":"WebPage","@id":"https:\/\/uwm.edu\/language-resource-center\/resources\/latin\/latin-104\/chapter-xx\/","url":"https:\/\/uwm.edu\/language-resource-center\/resources\/latin\/latin-104\/chapter-xx\/","name":"Chapter XX - Language Resource Center","isPartOf":{"@id":"https:\/\/uwm.edu\/language-resource-center\/#website"},"primaryImageOfPage":{"@id":"https:\/\/uwm.edu\/language-resource-center\/resources\/latin\/latin-104\/chapter-xx\/#primaryimage"},"image":{"@id":"https:\/\/uwm.edu\/language-resource-center\/resources\/latin\/latin-104\/chapter-xx\/#primaryimage"},"thumbnailUrl":"https:\/\/uwm.edu\/language-resource-center\/wp-content\/uploads\/sites\/201\/2017\/02\/latin_quizlet_ch20.gif","datePublished":"2017-02-06T18:53:16+00:00","dateModified":"2018-09-25T20:32:02+00:00","breadcrumb":{"@id":"https:\/\/uwm.edu\/language-resource-center\/resources\/latin\/latin-104\/chapter-xx\/#breadcrumb"},"inLanguage":"en-US","potentialAction":[{"@type":"ReadAction","target":["https:\/\/uwm.edu\/language-resource-center\/resources\/latin\/latin-104\/chapter-xx\/"]}]},{"@type":"ImageObject","inLanguage":"en-US","@id":"https:\/\/uwm.edu\/language-resource-center\/resources\/latin\/latin-104\/chapter-xx\/#primaryimage","url":"https:\/\/uwm.edu\/language-resource-center\/wp-content\/uploads\/sites\/201\/2017\/02\/latin_quizlet_ch20.gif","contentUrl":"https:\/\/uwm.edu\/language-resource-center\/wp-content\/uploads\/sites\/201\/2017\/02\/latin_quizlet_ch20.gif","width":175,"height":117},{"@type":"BreadcrumbList","@id":"https:\/\/uwm.edu\/language-resource-center\/resources\/latin\/latin-104\/chapter-xx\/#breadcrumb","itemListElement":[{"@type":"ListItem","position":1,"name":"Home","item":"https:\/\/uwm.edu\/language-resource-center\/"},{"@type":"ListItem","position":2,"name":"Resources","item":"https:\/\/uwm.edu\/language-resource-center\/resources\/"},{"@type":"ListItem","position":3,"name":"Latin","item":"https:\/\/uwm.edu\/language-resource-center\/resources\/latin\/"},{"@type":"ListItem","position":4,"name":"Latin 104","item":"https:\/\/uwm.edu\/language-resource-center\/resources\/latin\/latin-104\/"},{"@type":"ListItem","position":5,"name":"Chapter XX"}]},{"@type":"WebSite","@id":"https:\/\/uwm.edu\/language-resource-center\/#website","url":"https:\/\/uwm.edu\/language-resource-center\/","name":"Language Resource Center","description":"","potentialAction":[{"@type":"SearchAction","target":{"@type":"EntryPoint","urlTemplate":"https:\/\/uwm.edu\/language-resource-center\/?s={search_term_string}"},"query-input":{"@type":"PropertyValueSpecification","valueRequired":true,"valueName":"search_term_string"}}],"inLanguage":"en-US"}]}},"acf":[],"publishpress_future_action":{"enabled":false,"date":"2026-04-22 00:49:13","action":"change-status","newStatus":"draft","terms":[],"taxonomy":"","extraData":[]},"publishpress_future_workflow_manual_trigger":{"enabledWorkflows":[]},"_links":{"self":[{"href":"https:\/\/uwm.edu\/language-resource-center\/wp-json\/wp\/v2\/pages\/8600","targetHints":{"allow":["GET"]}}],"collection":[{"href":"https:\/\/uwm.edu\/language-resource-center\/wp-json\/wp\/v2\/pages"}],"about":[{"href":"https:\/\/uwm.edu\/language-resource-center\/wp-json\/wp\/v2\/types\/page"}],"author":[{"embeddable":true,"href":"https:\/\/uwm.edu\/language-resource-center\/wp-json\/wp\/v2\/users\/3128"}],"replies":[{"embeddable":true,"href":"https:\/\/uwm.edu\/language-resource-center\/wp-json\/wp\/v2\/comments?post=8600"}],"version-history":[{"count":4,"href":"https:\/\/uwm.edu\/language-resource-center\/wp-json\/wp\/v2\/pages\/8600\/revisions"}],"predecessor-version":[{"id":16844,"href":"https:\/\/uwm.edu\/language-resource-center\/wp-json\/wp\/v2\/pages\/8600\/revisions\/16844"}],"up":[{"embeddable":true,"href":"https:\/\/uwm.edu\/language-resource-center\/wp-json\/wp\/v2\/pages\/8591"}],"wp:attachment":[{"href":"https:\/\/uwm.edu\/language-resource-center\/wp-json\/wp\/v2\/media?parent=8600"}],"curies":[{"name":"wp","href":"https:\/\/api.w.org\/{rel}","templated":true}]}}