
{"id":8598,"date":"2017-02-06T12:52:27","date_gmt":"2017-02-06T18:52:27","guid":{"rendered":"https:\/\/uwm.edu\/language-resource-center\/?page_id=8598"},"modified":"2018-09-25T15:49:10","modified_gmt":"2018-09-25T20:49:10","slug":"chapter-xviii","status":"publish","type":"page","link":"https:\/\/uwm.edu\/language-resource-center\/resources\/latin\/latin-104\/chapter-xviii\/","title":{"rendered":"Chapter XVIII"},"content":{"rendered":"<div id=\"activities\">\r\n\r\n\r\n<div class=\"row\">\r\n\r\n<!-- chapter image column -->\r\n<div class=\"col-md-3\">\r\n<img decoding=\"async\" src=\"https:\/\/uwm.edu\/language-resource-center\/wp-content\/uploads\/sites\/201\/2017\/02\/latin_quizlet_ch18.gif\" \/>\r\n<!-- close 'col-md-3' -->\r\n<\/div>\r\n\r\n<!-- content column -->\r\n<div class=\"col-md-9\">\r\n<h3>Quizlet Chapter XVIII<\/h3>\r\n<h4><a href=\"https:\/\/quizlet.com\/274053636\/capitulum-18-vocabulary-flash-cards\/\" target=\"_blank\">Go to Quizlet   &raquo;<\/a><\/h4>\r\n<h4 class=\"toggle\">More Information<\/h4>\r\n<div class=\"panel\">\r\n<p>\r\nadd\u014d, addere, addid\u012b, additum\tto add\t<br>\r\nanimadvert\u014d, animadvertere, ~vert\u012b, ~versum\tto notice\t<br>\r\napis, apis (f.)\tbee\t<br>\r\nbis\ttwice\t<br>\r\ncalamus, -\u012b (m.)\treed, reed-pen\t<br>\r\nc\u0113ra, -ae (f.)\twax\t<br>\r\ncharta, -ae (f.)\tpaper, map\t<br>\r\ncompar\u014d, compar\u0101re\tto compare, to prepare, to liken\t<br>\r\nconiung\u014d, coniongere, coniunx\u012b, coniunctum\tto connect, to unite\t<br>\r\nc\u014dnson\u0101ns, c\u014dnsonantis (f.)\tconsonant\t<br>\r\ncorrig\u014d, corrigere, correx\u012b, correctum\tto correct\t<br>\r\ndeci\u0113s\tten times\t<br>\r\nd\u0113le\u014d, d\u0113l\u0113re, d\u0113lev\u012b, d\u0113letum\tto destroy, to wipe out\t<br>\r\nd\u0113sum, desse\tto be away, to lack\t<br>\r\ndict\u014d, dict\u0101re\tto dictate, to compose\t<br>\r\nd\u016brus, -a, -um\thard\t<br>\r\neffici\u014d, efficere, effec\u012b, effectum\tto bring about, to produce, to affect\t<br>\r\nerus, -\u012b (m.)\tmaster of the house\t<br>\r\nexaudi\u014d, exaud\u012bre, exaudiv\u012b, exauditum\tto overhear\t<br>\r\nepistula, -ae (f.)\tletter\t<br>\r\nferrum, -\u012b (n.)\tiron\t<br>\r\nfrequ\u0113ns, frequentis\tnumerous, full\t<br>\r\n\u012bdem, aedem, idem\tthe same\t<br>\r\nimpiger, -gra, -grum\tactive, energetic\t<br>\r\nimprim\u014d, imprimere, impress\u012b, imoressum\tto press on\t<br>\r\nintelleg\u014d, intellegere, intellex\u012b, intellectum\tto understand\t<br>\r\nita\tso, in such a manner\t<br>\r\niung\u014d, iungere, iunx\u012b, iunctum\tto join\t<br>\r\nleg\u014d, legere, leg\u012b, lectum\tto read, to pick\t<br>\r\nm\u0101teria, -ae (f.)\tmaterial, matter\t<br>\r\nmendum, -\u012b (n.)\terror\t<br>\r\nmerc\u0113s, merc\u0113dis\treward, pay, wages\t<br>\r\nmollis, -e\tsoft\t<br>\r\npapyr\u016bs, -\u012b (m.)\tpapyrus paper\t<br>\r\nprem\u014d, premere, press\u012b, pressum\tto press\t<br>\r\nqu\u0101lis, -e\twhat kind of\t<br>\r\nquarter\tfour times\t<br>\r\nqu\u012bnqui\u0113s\tfive times\t<br>\r\nquoti\u0113s\thow many times? as often\t<br>\r\nr\u0101rus, -a, -um\trare\t<br>\r\nscrib\u014d, scr\u012bbere, scr\u012bps\u012b, scr\u012bptum\tto write\t<br>\r\nsemel\tonce\t<br>\r\nsententia, -ae (f.)\topinion, sentence\t<br>\r\nsexi\u0113s\tsix times\t<br>\r\ns\u012bc\tthus\t<br>\r\nsignific\u014d, signific\u0101re\tto mean, to signify\t<br>\r\nsign\u014d, sign\u0101re\tto mark, to designate, to seal\t<br>\r\nsupersum, superesse\tto be left over, to remain, to be extra\t<br>\r\nt\u0101lias, -e\tsuch of a kind\t<br>\r\nter\tthree times\t<br>\r\ntoti\u0113s\tas many times, so often\t<br>\r\nturpis, e\tugly, foul, shameful\t<br>\r\nv\u014dc\u0101lis, v\u014dc\u0101lis\tvowel\t<br>\r\nvarius, -a, -um\tvarying, diverse, different\t<br>\r\nzeph\u0233rus, -\u012b (m.)\twest-wind\t<br>\r\n<img decoding=\"async\" src=\"https:\/\/uwm.edu\/language-resource-center\/wp-content\/uploads\/sites\/201\/2017\/02\/latin_quizlet_ch18.png\" width=\"100\" \/>\r\n\r\n<\/p>\r\n<\/div>\r\n<\/div>\r\n<\/div>","protected":false},"excerpt":{"rendered":"Quizlet Chapter XVIII Go to Quizlet &raquo; More Information add\u014d, addere, addid\u012b, additum to add animadvert\u014d, animadvertere, ~vert\u012b, ~versum to notice apis, apis (f.) bee bis twice calamus, -\u012b (m.) reed, reed-pen c\u0113ra, -ae (f.) wax charta, -ae (f.) pa&hellip; <span class=\"ls-more-link\"><a href=\"https:\/\/uwm.edu\/language-resource-center\/resources\/latin\/latin-104\/chapter-xviii\/\"><em>Continue Reading<\/em> &raquo;<\/a><\/span>","protected":false},"author":3128,"featured_media":0,"parent":8591,"menu_order":6,"comment_status":"closed","ping_status":"closed","template":"page-templates\/ls-2col-sidebar-left.php","meta":{"_acf_changed":false,"footnotes":"","uwm_wg_additional_authors":[]},"class_list":["post-8598","page","type-page","status-publish","hentry"],"yoast_head":"<!-- This site is optimized with the Yoast SEO Premium plugin v27.3 (Yoast SEO v27.3) - https:\/\/yoast.com\/product\/yoast-seo-premium-wordpress\/ -->\n<title>Chapter XVIII - Language Resource Center<\/title>\n<meta name=\"robots\" content=\"index, follow, max-snippet:-1, max-image-preview:large, max-video-preview:-1\" \/>\n<link rel=\"canonical\" href=\"https:\/\/uwm.edu\/language-resource-center\/resources\/latin\/latin-104\/chapter-xviii\/\" \/>\n<meta property=\"og:locale\" content=\"en_US\" \/>\n<meta property=\"og:type\" content=\"article\" \/>\n<meta property=\"og:title\" content=\"Chapter XVIII\" \/>\n<meta property=\"og:description\" content=\"Quizlet Chapter XVIII Go to Quizlet &raquo; More Information add\u014d, addere, addid\u012b, additum to add animadvert\u014d, animadvertere, ~vert\u012b, ~versum to notice apis, apis (f.) bee bis twice calamus, -\u012b (m.) reed, reed-pen c\u0113ra, -ae (f.) wax charta, -ae (f.) paper,\" \/>\n<meta property=\"og:url\" content=\"https:\/\/uwm.edu\/language-resource-center\/resources\/latin\/latin-104\/chapter-xviii\/\" \/>\n<meta property=\"og:site_name\" content=\"Language Resource Center\" \/>\n<meta property=\"article:modified_time\" content=\"2018-09-25T20:49:10+00:00\" \/>\n<meta property=\"og:image\" content=\"https:\/\/uwm.edu\/language-resource-center\/wp-content\/uploads\/sites\/201\/2017\/02\/latin_quizlet_ch18.gif\" \/>\n<meta name=\"twitter:card\" content=\"summary_large_image\" \/>\n<meta name=\"twitter:label1\" content=\"Est. reading time\" \/>\n\t<meta name=\"twitter:data1\" content=\"2 minutes\" \/>\n<script type=\"application\/ld+json\" class=\"yoast-schema-graph\">{\"@context\":\"https:\\\/\\\/schema.org\",\"@graph\":[{\"@type\":\"WebPage\",\"@id\":\"https:\\\/\\\/uwm.edu\\\/language-resource-center\\\/resources\\\/latin\\\/latin-104\\\/chapter-xviii\\\/\",\"url\":\"https:\\\/\\\/uwm.edu\\\/language-resource-center\\\/resources\\\/latin\\\/latin-104\\\/chapter-xviii\\\/\",\"name\":\"Chapter XVIII - Language Resource Center\",\"isPartOf\":{\"@id\":\"https:\\\/\\\/uwm.edu\\\/language-resource-center\\\/#website\"},\"primaryImageOfPage\":{\"@id\":\"https:\\\/\\\/uwm.edu\\\/language-resource-center\\\/resources\\\/latin\\\/latin-104\\\/chapter-xviii\\\/#primaryimage\"},\"image\":{\"@id\":\"https:\\\/\\\/uwm.edu\\\/language-resource-center\\\/resources\\\/latin\\\/latin-104\\\/chapter-xviii\\\/#primaryimage\"},\"thumbnailUrl\":\"https:\\\/\\\/uwm.edu\\\/language-resource-center\\\/wp-content\\\/uploads\\\/sites\\\/201\\\/2017\\\/02\\\/latin_quizlet_ch18.gif\",\"datePublished\":\"2017-02-06T18:52:27+00:00\",\"dateModified\":\"2018-09-25T20:49:10+00:00\",\"breadcrumb\":{\"@id\":\"https:\\\/\\\/uwm.edu\\\/language-resource-center\\\/resources\\\/latin\\\/latin-104\\\/chapter-xviii\\\/#breadcrumb\"},\"inLanguage\":\"en-US\",\"potentialAction\":[{\"@type\":\"ReadAction\",\"target\":[\"https:\\\/\\\/uwm.edu\\\/language-resource-center\\\/resources\\\/latin\\\/latin-104\\\/chapter-xviii\\\/\"]}]},{\"@type\":\"ImageObject\",\"inLanguage\":\"en-US\",\"@id\":\"https:\\\/\\\/uwm.edu\\\/language-resource-center\\\/resources\\\/latin\\\/latin-104\\\/chapter-xviii\\\/#primaryimage\",\"url\":\"https:\\\/\\\/uwm.edu\\\/language-resource-center\\\/wp-content\\\/uploads\\\/sites\\\/201\\\/2017\\\/02\\\/latin_quizlet_ch18.gif\",\"contentUrl\":\"https:\\\/\\\/uwm.edu\\\/language-resource-center\\\/wp-content\\\/uploads\\\/sites\\\/201\\\/2017\\\/02\\\/latin_quizlet_ch18.gif\",\"width\":175,\"height\":117},{\"@type\":\"BreadcrumbList\",\"@id\":\"https:\\\/\\\/uwm.edu\\\/language-resource-center\\\/resources\\\/latin\\\/latin-104\\\/chapter-xviii\\\/#breadcrumb\",\"itemListElement\":[{\"@type\":\"ListItem\",\"position\":1,\"name\":\"Home\",\"item\":\"https:\\\/\\\/uwm.edu\\\/language-resource-center\\\/\"},{\"@type\":\"ListItem\",\"position\":2,\"name\":\"Resources\",\"item\":\"https:\\\/\\\/uwm.edu\\\/language-resource-center\\\/resources\\\/\"},{\"@type\":\"ListItem\",\"position\":3,\"name\":\"Latin\",\"item\":\"https:\\\/\\\/uwm.edu\\\/language-resource-center\\\/resources\\\/latin\\\/\"},{\"@type\":\"ListItem\",\"position\":4,\"name\":\"Latin 104\",\"item\":\"https:\\\/\\\/uwm.edu\\\/language-resource-center\\\/resources\\\/latin\\\/latin-104\\\/\"},{\"@type\":\"ListItem\",\"position\":5,\"name\":\"Chapter XVIII\"}]},{\"@type\":\"WebSite\",\"@id\":\"https:\\\/\\\/uwm.edu\\\/language-resource-center\\\/#website\",\"url\":\"https:\\\/\\\/uwm.edu\\\/language-resource-center\\\/\",\"name\":\"Language Resource Center\",\"description\":\"\",\"potentialAction\":[{\"@type\":\"SearchAction\",\"target\":{\"@type\":\"EntryPoint\",\"urlTemplate\":\"https:\\\/\\\/uwm.edu\\\/language-resource-center\\\/?s={search_term_string}\"},\"query-input\":{\"@type\":\"PropertyValueSpecification\",\"valueRequired\":true,\"valueName\":\"search_term_string\"}}],\"inLanguage\":\"en-US\"}]}<\/script>\n<!-- \/ Yoast SEO Premium plugin. -->","yoast_head_json":{"title":"Chapter XVIII - Language Resource Center","robots":{"index":"index","follow":"follow","max-snippet":"max-snippet:-1","max-image-preview":"max-image-preview:large","max-video-preview":"max-video-preview:-1"},"canonical":"https:\/\/uwm.edu\/language-resource-center\/resources\/latin\/latin-104\/chapter-xviii\/","og_locale":"en_US","og_type":"article","og_title":"Chapter XVIII","og_description":"Quizlet Chapter XVIII Go to Quizlet &raquo; More Information add\u014d, addere, addid\u012b, additum to add animadvert\u014d, animadvertere, ~vert\u012b, ~versum to notice apis, apis (f.) bee bis twice calamus, -\u012b (m.) reed, reed-pen c\u0113ra, -ae (f.) wax charta, -ae (f.) paper,","og_url":"https:\/\/uwm.edu\/language-resource-center\/resources\/latin\/latin-104\/chapter-xviii\/","og_site_name":"Language Resource Center","article_modified_time":"2018-09-25T20:49:10+00:00","og_image":[{"url":"https:\/\/uwm.edu\/language-resource-center\/wp-content\/uploads\/sites\/201\/2017\/02\/latin_quizlet_ch18.gif","type":"","width":"","height":""}],"twitter_card":"summary_large_image","twitter_misc":{"Est. reading time":"2 minutes"},"schema":{"@context":"https:\/\/schema.org","@graph":[{"@type":"WebPage","@id":"https:\/\/uwm.edu\/language-resource-center\/resources\/latin\/latin-104\/chapter-xviii\/","url":"https:\/\/uwm.edu\/language-resource-center\/resources\/latin\/latin-104\/chapter-xviii\/","name":"Chapter XVIII - Language Resource Center","isPartOf":{"@id":"https:\/\/uwm.edu\/language-resource-center\/#website"},"primaryImageOfPage":{"@id":"https:\/\/uwm.edu\/language-resource-center\/resources\/latin\/latin-104\/chapter-xviii\/#primaryimage"},"image":{"@id":"https:\/\/uwm.edu\/language-resource-center\/resources\/latin\/latin-104\/chapter-xviii\/#primaryimage"},"thumbnailUrl":"https:\/\/uwm.edu\/language-resource-center\/wp-content\/uploads\/sites\/201\/2017\/02\/latin_quizlet_ch18.gif","datePublished":"2017-02-06T18:52:27+00:00","dateModified":"2018-09-25T20:49:10+00:00","breadcrumb":{"@id":"https:\/\/uwm.edu\/language-resource-center\/resources\/latin\/latin-104\/chapter-xviii\/#breadcrumb"},"inLanguage":"en-US","potentialAction":[{"@type":"ReadAction","target":["https:\/\/uwm.edu\/language-resource-center\/resources\/latin\/latin-104\/chapter-xviii\/"]}]},{"@type":"ImageObject","inLanguage":"en-US","@id":"https:\/\/uwm.edu\/language-resource-center\/resources\/latin\/latin-104\/chapter-xviii\/#primaryimage","url":"https:\/\/uwm.edu\/language-resource-center\/wp-content\/uploads\/sites\/201\/2017\/02\/latin_quizlet_ch18.gif","contentUrl":"https:\/\/uwm.edu\/language-resource-center\/wp-content\/uploads\/sites\/201\/2017\/02\/latin_quizlet_ch18.gif","width":175,"height":117},{"@type":"BreadcrumbList","@id":"https:\/\/uwm.edu\/language-resource-center\/resources\/latin\/latin-104\/chapter-xviii\/#breadcrumb","itemListElement":[{"@type":"ListItem","position":1,"name":"Home","item":"https:\/\/uwm.edu\/language-resource-center\/"},{"@type":"ListItem","position":2,"name":"Resources","item":"https:\/\/uwm.edu\/language-resource-center\/resources\/"},{"@type":"ListItem","position":3,"name":"Latin","item":"https:\/\/uwm.edu\/language-resource-center\/resources\/latin\/"},{"@type":"ListItem","position":4,"name":"Latin 104","item":"https:\/\/uwm.edu\/language-resource-center\/resources\/latin\/latin-104\/"},{"@type":"ListItem","position":5,"name":"Chapter XVIII"}]},{"@type":"WebSite","@id":"https:\/\/uwm.edu\/language-resource-center\/#website","url":"https:\/\/uwm.edu\/language-resource-center\/","name":"Language Resource Center","description":"","potentialAction":[{"@type":"SearchAction","target":{"@type":"EntryPoint","urlTemplate":"https:\/\/uwm.edu\/language-resource-center\/?s={search_term_string}"},"query-input":{"@type":"PropertyValueSpecification","valueRequired":true,"valueName":"search_term_string"}}],"inLanguage":"en-US"}]}},"acf":[],"publishpress_future_action":{"enabled":false,"date":"2026-04-21 20:53:28","action":"change-status","newStatus":"draft","terms":[],"taxonomy":"","extraData":[]},"publishpress_future_workflow_manual_trigger":{"enabledWorkflows":[]},"_links":{"self":[{"href":"https:\/\/uwm.edu\/language-resource-center\/wp-json\/wp\/v2\/pages\/8598","targetHints":{"allow":["GET"]}}],"collection":[{"href":"https:\/\/uwm.edu\/language-resource-center\/wp-json\/wp\/v2\/pages"}],"about":[{"href":"https:\/\/uwm.edu\/language-resource-center\/wp-json\/wp\/v2\/types\/page"}],"author":[{"embeddable":true,"href":"https:\/\/uwm.edu\/language-resource-center\/wp-json\/wp\/v2\/users\/3128"}],"replies":[{"embeddable":true,"href":"https:\/\/uwm.edu\/language-resource-center\/wp-json\/wp\/v2\/comments?post=8598"}],"version-history":[{"count":5,"href":"https:\/\/uwm.edu\/language-resource-center\/wp-json\/wp\/v2\/pages\/8598\/revisions"}],"predecessor-version":[{"id":16857,"href":"https:\/\/uwm.edu\/language-resource-center\/wp-json\/wp\/v2\/pages\/8598\/revisions\/16857"}],"up":[{"embeddable":true,"href":"https:\/\/uwm.edu\/language-resource-center\/wp-json\/wp\/v2\/pages\/8591"}],"wp:attachment":[{"href":"https:\/\/uwm.edu\/language-resource-center\/wp-json\/wp\/v2\/media?parent=8598"}],"curies":[{"name":"wp","href":"https:\/\/api.w.org\/{rel}","templated":true}]}}