{"id":7372,"date":"2026-02-06T15:31:44","date_gmt":"2026-02-06T21:31:44","guid":{"rendered":"https:\/\/uwm.edu\/icfw\/?page_id=7372"},"modified":"2026-03-09T16:07:12","modified_gmt":"2026-03-09T21:07:12","slug":"adult-experiences-survey-spanish","status":"publish","type":"page","link":"https:\/\/uwm.edu\/icfw\/adult-experiences-survey-spanish\/","title":{"rendered":"Adult Experiences Survey &#8211; Spanish"},"content":{"rendered":"\n<h2 class=\"wp-block-heading\" id=\"h-encuesta-sobre-experiencias-del-adulto\">Encuesta Sobre Experiencias del Adulto<\/h2>\n\n\n\n<p>Desde que usted cumpli\u00f3 18 a\u00f1os, \u00bfcon qu\u00e9 frecuencia alg\u00fan su pareja o c\u00f3nyuge la ha\u2026<\/p>\n\n\n\n<p>1. Abofeteado, golpeado, pegado, pateado, o lastimado f\u00edsicamente?<\/p>\n\n\n\n<ul class=\"wp-block-list\">\n<li>Nunca<\/li>\n\n\n\n<li>Una vez<\/li>\n\n\n\n<li>Mas de una vez<\/li>\n<\/ul>\n\n\n\n<p>2. Gritado o amenazado con lastimarla?<\/p>\n\n\n\n<ul class=\"wp-block-list\">\n<li>Nunca<\/li>\n\n\n\n<li>Una vez<\/li>\n\n\n\n<li>Mas de una vez<\/li>\n<\/ul>\n\n\n\n<p>3. \u00bfCon qu\u00e9 frecuencia la han forzado a llevar a cabo pr\u00e1cticas sexuales sin su consentimiento?<\/p>\n\n\n\n<ul class=\"wp-block-list\">\n<li>Nunca<\/li>\n\n\n\n<li>Una vez<\/li>\n\n\n\n<li>Mas de una vez<\/li>\n<\/ul>\n\n\n\n<p>Si la respuesta es s\u00ed, \u00bfqui\u00e9n? Seleccione todo lo que corresponda.<\/p>\n\n\n\n<ul class=\"wp-block-list\">\n<li>Pareja\/C\u00f3nyuge<\/li>\n\n\n\n<li>Familiar<\/li>\n\n\n\n<li>Alguna otra persona conocida<\/li>\n\n\n\n<li>Un extra\u00f1o<\/li>\n<\/ul>\n\n\n\n<p>4. \u00bfHa sido v\u00edctima alguna vez de un delito violento, tal como un robo con agresi\u00f3n? (Esta pregunta se refiere a cualquier acto violento cometido por alguien que no sea su c\u00f3nyuge, pareja, ni miembro de su familia).<\/p>\n\n\n\n<ul class=\"wp-block-list\">\n<li>S\u00ed<\/li>\n\n\n\n<li>No<\/li>\n<\/ul>\n\n\n\n<p>Si la respuesta es s\u00ed, cantidad total de veces<\/p>\n\n\n\n<p>5. \u00bfHa sido v\u00edctima alguna vez de un delito no violento, como de robo?<\/p>\n\n\n\n<ul class=\"wp-block-list\">\n<li>S\u00ed<\/li>\n\n\n\n<li>No<\/li>\n<\/ul>\n\n\n\n<p>Si la respuesta es s\u00ed, cantidad total de veces<\/p>\n\n\n\n<p>6. \u00bfHa estado en la c\u00e1rcel o la prisi\u00f3n?<\/p>\n\n\n\n<ul class=\"wp-block-list\">\n<li>S\u00ed<\/li>\n\n\n\n<li>No<\/li>\n<\/ul>\n\n\n\n<p>7. \u00bfSu c\u00f3nyuge, pareja, o alguien con quien usted haya vivido ha estado en la c\u00e1rcel o en prisi\u00f3n?<\/p>\n\n\n\n<ul class=\"wp-block-list\">\n<li>S\u00ed<\/li>\n\n\n\n<li>No<\/li>\n<\/ul>\n\n\n\n<p>8. \u00bfSu pareja o alg\u00fan otro compa\u00f1ero sentimental con quien usted haya vivido ha tenidos problemas con beber o fue alcoh\u00f3lico?<\/p>\n\n\n\n<ul class=\"wp-block-list\">\n<li>S\u00ed<\/li>\n\n\n\n<li>No<\/li>\n<\/ul>\n\n\n\n<p>9. \u00bfHa vivido con alguien o ha tenido alg\u00fan\/a compa\u00f1ero\/a sentimental que consumiera drogas il\u00edcitas o que abusara de medicamentos con receta?<\/p>\n\n\n\n<ul class=\"wp-block-list\">\n<li>S\u00ed<\/li>\n\n\n\n<li>No<\/li>\n<\/ul>\n\n\n\n<p>10. \u00bfSu pareja o alg\u00fan familiar cercano que viva con usted sufre de depresi\u00f3n, o sufre de alguna enfermedad mental, o que es una persona suicida?<\/p>\n\n\n\n<ul class=\"wp-block-list\">\n<li>S\u00ed<\/li>\n\n\n\n<li>No<\/li>\n<\/ul>\n\n\n\n<p>11. \u00bfSe ha divorciado o separado alguna vez?<\/p>\n\n\n\n<ul class=\"wp-block-list\">\n<li>S\u00ed<\/li>\n\n\n\n<li>No, estoy casada<\/li>\n\n\n\n<li>No, nunca he estado casada<\/li>\n\n\n\n<li>No, mi esposo falleci\u00f3<\/li>\n<\/ul>\n\n\n\n<p>12. \u00bfHa experimentado alguna vez la p\u00e9rdida de un embarazo?<\/p>\n\n\n\n<ul class=\"wp-block-list\">\n<li><\/li>\n<\/ul>\n\n\n\n<ul class=\"wp-block-list\">\n<li>S\u00ed<\/li>\n\n\n\n<li>No<\/li>\n<\/ul>\n\n\n\n<p>Si la respuesta es s\u00ed, cantidad total de veces<\/p>\n\n\n\n<p>13. \u00bfHa vivido la perdida de alg\u00fan ser querido o de alguien muy cercano a usted?<\/p>\n\n\n\n<ul class=\"wp-block-list\">\n<li>S\u00ed<\/li>\n\n\n\n<li>No<\/li>\n<\/ul>\n\n\n\n<p>Si la respuesta es s\u00ed, \u00bfqui\u00e9n? Marque todo lo que corresponda.<\/p>\n\n\n\n<ul class=\"wp-block-list\">\n<li>Compa\u00f1ero\/C\u00f3nyuge<\/li>\n\n\n\n<li>Hijo\/a<\/li>\n\n\n\n<li>Padre\/Madre<\/li>\n\n\n\n<li>Otro familiar<\/li>\n\n\n\n<li>Amigo\/a<\/li>\n\n\n\n<li>Otro<\/li>\n<\/ul>\n\n\n\n<p>14. \u00bfCon qu\u00e9 frecuencia ha tenido problemas econ\u00f3micos graves?<\/p>\n\n\n\n<ul class=\"wp-block-list\">\n<li>Nunca<\/li>\n\n\n\n<li>Rara la vez<\/li>\n\n\n\n<li>Algunas veces<\/li>\n\n\n\n<li>A menudo<\/li>\n\n\n\n<li>Muy a menudo<\/li>\n<\/ul>\n\n\n\n<p>15. \u00bfCon qu\u00e9 frecuencia se ha sentido discriminada?<\/p>\n\n\n\n<ul class=\"wp-block-list\">\n<li>Nunca<\/li>\n\n\n\n<li>Rara la vez<\/li>\n\n\n\n<li>Algunas veces<\/li>\n\n\n\n<li>A menudo<\/li>\n\n\n\n<li>Muy a menudo<\/li>\n<\/ul>\n\n\n\n<p>16. \u00bfCon qu\u00e9 frecuencia han pasado hambre usted y su familia por no haber podido comprar comida?<\/p>\n\n\n\n<ul class=\"wp-block-list\">\n<li>Nunca<\/li>\n\n\n\n<li>Rara la vez<\/li>\n\n\n\n<li>Algunas veces<\/li>\n\n\n\n<li>A menudo<\/li>\n\n\n\n<li>Muy a menudo<\/li>\n<\/ul>\n\n\n\n<p>17. \u00bfCon qu\u00e9 frecuencia se ha encontrado sin hogar*?<\/p>\n\n\n\n<ul class=\"wp-block-list\">\n<li>Nunca<\/li>\n\n\n\n<li>Rara la vez<\/li>\n\n\n\n<li>Algunas veces<\/li>\n\n\n\n<li>A menudo<\/li>\n\n\n\n<li>Muy a menudo<\/li>\n<\/ul>\n\n\n\n<p>*\u201cSin hogar\u201d significa que haya tenido que quedarse en alg\u00fan lugar tal como un programa de hogar de transici\u00f3n, un refugio, un hotel\/motel pago mediante un cup\u00f3n, la casa de otra persona, un carro u otro veh\u00edculo, un edificio abandonado, alg\u00fan lugar al aire libre, o alg\u00fan otro lugar no destinado a la vivienda de personas.<\/p>\n\n\n\n<p>18. En general, \u00bfcu\u00e1n inc\u00f3modo se sinti\u00f3 respondiendo las preguntas de esta encuesta?<\/p>\n\n\n\n<ul class=\"wp-block-list\">\n<li>Para nada inc\u00f3modo<\/li>\n\n\n\n<li>Un poco inc\u00f3modo<\/li>\n\n\n\n<li>Medianamente inc\u00f3modo<\/li>\n\n\n\n<li>Muy inc\u00f3modo<\/li>\n\n\n\n<li>Extremadamente inc\u00f3modo<\/li>\n<\/ul>\n\n\n\n<p>For further information about this measure, contact: Dr. Joshua Mersky, University of Wisconsin-Milwaukee, mersky@uwm.edu<\/p>\n","protected":false},"excerpt":{"rendered":"<p>Encuesta Sobre Experiencias del Adulto Desde que usted cumpli\u00f3 18 a\u00f1os, \u00bfcon qu\u00e9 frecuencia alg\u00fan su pareja o c\u00f3nyuge la ha\u2026 1. Abofeteado, golpeado, pegado, pateado, o lastimado f\u00edsicamente? 2. &#8230;<\/p>\n","protected":false},"author":19872,"featured_media":0,"parent":0,"menu_order":0,"comment_status":"closed","ping_status":"closed","template":"","meta":{"_acf_changed":false,"footnotes":"","uwm_wg_additional_authors":[]},"class_list":["post-7372","page","type-page","status-publish","hentry"],"yoast_head":"<!-- This site is optimized with the Yoast SEO Premium plugin v27.3 (Yoast SEO v27.3) - https:\/\/yoast.com\/product\/yoast-seo-premium-wordpress\/ -->\n<title>Adult Experiences Survey - Spanish - Institute for Child and Family Well-Being<\/title>\n<meta name=\"robots\" content=\"index, follow, max-snippet:-1, max-image-preview:large, max-video-preview:-1\" \/>\n<link rel=\"canonical\" href=\"https:\/\/uwm.edu\/icfw\/adult-experiences-survey-spanish\/\" \/>\n<meta property=\"og:locale\" content=\"en_US\" \/>\n<meta property=\"og:type\" content=\"article\" \/>\n<meta property=\"og:title\" content=\"Adult Experiences Survey - Spanish\" \/>\n<meta property=\"og:description\" content=\"Encuesta Sobre Experiencias del Adulto Desde que usted cumpli\u00f3 18 a\u00f1os, \u00bfcon qu\u00e9 frecuencia alg\u00fan su pareja o c\u00f3nyuge la ha\u2026 1. Abofeteado, golpeado, pegado, pateado, o lastimado f\u00edsicamente? 2. ...\" \/>\n<meta property=\"og:url\" content=\"https:\/\/uwm.edu\/icfw\/adult-experiences-survey-spanish\/\" \/>\n<meta property=\"og:site_name\" content=\"Institute for Child and Family Well-Being\" \/>\n<meta property=\"article:modified_time\" content=\"2026-03-09T21:07:12+00:00\" \/>\n<meta name=\"twitter:card\" content=\"summary_large_image\" \/>\n<meta name=\"twitter:label1\" content=\"Est. reading time\" \/>\n\t<meta name=\"twitter:data1\" content=\"3 minutes\" \/>\n<script type=\"application\/ld+json\" class=\"yoast-schema-graph\">{\"@context\":\"https:\\\/\\\/schema.org\",\"@graph\":[{\"@type\":\"WebPage\",\"@id\":\"https:\\\/\\\/uwm.edu\\\/icfw\\\/adult-experiences-survey-spanish\\\/\",\"url\":\"https:\\\/\\\/uwm.edu\\\/icfw\\\/adult-experiences-survey-spanish\\\/\",\"name\":\"Adult Experiences Survey - Spanish - Institute for Child and Family Well-Being\",\"isPartOf\":{\"@id\":\"https:\\\/\\\/uwm.edu\\\/icfw\\\/#website\"},\"datePublished\":\"2026-02-06T21:31:44+00:00\",\"dateModified\":\"2026-03-09T21:07:12+00:00\",\"breadcrumb\":{\"@id\":\"https:\\\/\\\/uwm.edu\\\/icfw\\\/adult-experiences-survey-spanish\\\/#breadcrumb\"},\"inLanguage\":\"en-US\",\"potentialAction\":[{\"@type\":\"ReadAction\",\"target\":[\"https:\\\/\\\/uwm.edu\\\/icfw\\\/adult-experiences-survey-spanish\\\/\"]}]},{\"@type\":\"BreadcrumbList\",\"@id\":\"https:\\\/\\\/uwm.edu\\\/icfw\\\/adult-experiences-survey-spanish\\\/#breadcrumb\",\"itemListElement\":[{\"@type\":\"ListItem\",\"position\":1,\"name\":\"Home\",\"item\":\"https:\\\/\\\/uwm.edu\\\/icfw\\\/\"},{\"@type\":\"ListItem\",\"position\":2,\"name\":\"Adult Experiences Survey &#8211; Spanish\"}]},{\"@type\":\"WebSite\",\"@id\":\"https:\\\/\\\/uwm.edu\\\/icfw\\\/#website\",\"url\":\"https:\\\/\\\/uwm.edu\\\/icfw\\\/\",\"name\":\"Institute for Child and Family Well-Being\",\"description\":\"\",\"potentialAction\":[{\"@type\":\"SearchAction\",\"target\":{\"@type\":\"EntryPoint\",\"urlTemplate\":\"https:\\\/\\\/uwm.edu\\\/icfw\\\/?s={search_term_string}\"},\"query-input\":{\"@type\":\"PropertyValueSpecification\",\"valueRequired\":true,\"valueName\":\"search_term_string\"}}],\"inLanguage\":\"en-US\"}]}<\/script>\n<!-- \/ Yoast SEO Premium plugin. -->","yoast_head_json":{"title":"Adult Experiences Survey - Spanish - Institute for Child and Family Well-Being","robots":{"index":"index","follow":"follow","max-snippet":"max-snippet:-1","max-image-preview":"max-image-preview:large","max-video-preview":"max-video-preview:-1"},"canonical":"https:\/\/uwm.edu\/icfw\/adult-experiences-survey-spanish\/","og_locale":"en_US","og_type":"article","og_title":"Adult Experiences Survey - Spanish","og_description":"Encuesta Sobre Experiencias del Adulto Desde que usted cumpli\u00f3 18 a\u00f1os, \u00bfcon qu\u00e9 frecuencia alg\u00fan su pareja o c\u00f3nyuge la ha\u2026 1. Abofeteado, golpeado, pegado, pateado, o lastimado f\u00edsicamente? 2. ...","og_url":"https:\/\/uwm.edu\/icfw\/adult-experiences-survey-spanish\/","og_site_name":"Institute for Child and Family Well-Being","article_modified_time":"2026-03-09T21:07:12+00:00","twitter_card":"summary_large_image","twitter_misc":{"Est. reading time":"3 minutes"},"schema":{"@context":"https:\/\/schema.org","@graph":[{"@type":"WebPage","@id":"https:\/\/uwm.edu\/icfw\/adult-experiences-survey-spanish\/","url":"https:\/\/uwm.edu\/icfw\/adult-experiences-survey-spanish\/","name":"Adult Experiences Survey - Spanish - Institute for Child and Family Well-Being","isPartOf":{"@id":"https:\/\/uwm.edu\/icfw\/#website"},"datePublished":"2026-02-06T21:31:44+00:00","dateModified":"2026-03-09T21:07:12+00:00","breadcrumb":{"@id":"https:\/\/uwm.edu\/icfw\/adult-experiences-survey-spanish\/#breadcrumb"},"inLanguage":"en-US","potentialAction":[{"@type":"ReadAction","target":["https:\/\/uwm.edu\/icfw\/adult-experiences-survey-spanish\/"]}]},{"@type":"BreadcrumbList","@id":"https:\/\/uwm.edu\/icfw\/adult-experiences-survey-spanish\/#breadcrumb","itemListElement":[{"@type":"ListItem","position":1,"name":"Home","item":"https:\/\/uwm.edu\/icfw\/"},{"@type":"ListItem","position":2,"name":"Adult Experiences Survey &#8211; Spanish"}]},{"@type":"WebSite","@id":"https:\/\/uwm.edu\/icfw\/#website","url":"https:\/\/uwm.edu\/icfw\/","name":"Institute for Child and Family Well-Being","description":"","potentialAction":[{"@type":"SearchAction","target":{"@type":"EntryPoint","urlTemplate":"https:\/\/uwm.edu\/icfw\/?s={search_term_string}"},"query-input":{"@type":"PropertyValueSpecification","valueRequired":true,"valueName":"search_term_string"}}],"inLanguage":"en-US"}]}},"acf":[],"_links":{"self":[{"href":"https:\/\/uwm.edu\/icfw\/wp-json\/wp\/v2\/pages\/7372","targetHints":{"allow":["GET"]}}],"collection":[{"href":"https:\/\/uwm.edu\/icfw\/wp-json\/wp\/v2\/pages"}],"about":[{"href":"https:\/\/uwm.edu\/icfw\/wp-json\/wp\/v2\/types\/page"}],"author":[{"embeddable":true,"href":"https:\/\/uwm.edu\/icfw\/wp-json\/wp\/v2\/users\/19872"}],"replies":[{"embeddable":true,"href":"https:\/\/uwm.edu\/icfw\/wp-json\/wp\/v2\/comments?post=7372"}],"version-history":[{"count":5,"href":"https:\/\/uwm.edu\/icfw\/wp-json\/wp\/v2\/pages\/7372\/revisions"}],"predecessor-version":[{"id":7380,"href":"https:\/\/uwm.edu\/icfw\/wp-json\/wp\/v2\/pages\/7372\/revisions\/7380"}],"wp:attachment":[{"href":"https:\/\/uwm.edu\/icfw\/wp-json\/wp\/v2\/media?parent=7372"}],"curies":[{"name":"wp","href":"https:\/\/api.w.org\/{rel}","templated":true}]}}