{"id":7356,"date":"2026-02-06T13:46:11","date_gmt":"2026-02-06T19:46:11","guid":{"rendered":"https:\/\/uwm.edu\/icfw\/?page_id=7356"},"modified":"2026-03-09T16:20:01","modified_gmt":"2026-03-09T21:20:01","slug":"childhood-experiences-survey-adult-version-spanish","status":"publish","type":"page","link":"https:\/\/uwm.edu\/icfw\/childhood-experiences-survey-adult-version-spanish\/","title":{"rendered":"Childhood Experiences Survey &#8211; Adult Version &#8211; Spanish"},"content":{"rendered":"\n<h2 class=\"wp-block-heading\" id=\"h-encuesta-sobre-experiencias-de-la-ninez\">Encuesta Sobre Experiencias de La Ni\u00f1ez<\/h2>\n\n\n\n<p>Todas las preguntas a continuaci\u00f3n se refieren al per\u00edodo anterior a los 18 a\u00f1os de edad. Al recordar la etapa anterior a los 18 a\u00f1os de edad\u2026<\/p>\n\n\n\n<h2 class=\"wp-block-heading\" id=\"h-preguntas\">Preguntas<\/h2>\n\n\n\n<p>1.Cuando usted era un ni\u00f1o, \u00bfcon qu\u00e9 frecuencia su familia atraves\u00f3 problemas econ\u00f3micos?<\/p>\n\n\n\n<ul class=\"wp-block-list\">\n<li>Nunca<\/li>\n\n\n\n<li>Rara vez<\/li>\n\n\n\n<li>A veces<\/li>\n\n\n\n<li>A menudo<\/li>\n\n\n\n<li>Muy seguido<\/li>\n<\/ul>\n\n\n\n<p>2. \u00bfCon qu\u00e9 frecuencia usted experiment\u00f3 hambre porque su familia no ten\u00eda recursos para comprar comida?<\/p>\n\n\n\n<ul class=\"wp-block-list\">\n<li>Nunca<\/li>\n\n\n\n<li>Rara vez<\/li>\n\n\n\n<li>A veces<\/li>\n\n\n\n<li>A menudo<\/li>\n\n\n\n<li>Muy seguido<\/li>\n<\/ul>\n\n\n\n<p>3. \u00bfCu\u00e1ntas veces usted estuvo sin un hogar durante su infancia?<\/p>\n\n\n\n<p><em>(Nota: Esta pregunta se refiere a que si usted alguna vez tuvo que quedarse en un lugar como en un alojamiento transitorio, un centro de acogida, un hotel\/motel que pag\u00f3 con un bono subvencionado, la casa de otra persona, un autom\u00f3vil u otro veh\u00edculo, un edificio abandonado, en la intemperie o cualquier otro lugar que no est\u00e1 destinado para ser una vivienda.)<\/em>?<\/p>\n\n\n\n<ul class=\"wp-block-list\">\n<li>Nunca<\/li>\n\n\n\n<li>Rara vez<\/li>\n\n\n\n<li>A veces<\/li>\n\n\n\n<li>A menudo<\/li>\n\n\n\n<li>Muy seguido<\/li>\n<\/ul>\n\n\n\n<p>4. \u00bfCon qu\u00e9 frecuencia alguno de sus padres o alg\u00fan otro adulto de su familia lo maldijo, lo insult\u00f3 o lo menospreci\u00f3?<\/p>\n\n\n\n<ul class=\"wp-block-list\">\n<li>Nunca<\/li>\n\n\n\n<li>Rara vez<\/li>\n\n\n\n<li>A veces<\/li>\n\n\n\n<li>A menudo<\/li>\n\n\n\n<li>Muy seguido<\/li>\n<\/ul>\n\n\n\n<p>5. \u00bfCon qu\u00e9 frecuencia usted fue acosado o burlado por otros ni\u00f1os o adolescentes?<\/p>\n\n\n\n<p><em>(Nota: Esta pregunta se refiere al acoso o a la burla por parte de ni\u00f1os o adolescentes de cualquier edad, mayores que usted, de la misma edad o menores. No incluye experiencias con adultos o con hermanos.)<\/em><\/p>\n\n\n\n<ul class=\"wp-block-list\">\n<li>Nunca<\/li>\n\n\n\n<li>Rara vez<\/li>\n\n\n\n<li>A veces<\/li>\n\n\n\n<li>A menudo<\/li>\n\n\n\n<li>Muy seguido<\/li>\n<\/ul>\n\n\n\n<p>6. Antes de la edad de 18 a\u00f1os, \u00bfcon qu\u00e9 frecuencia hubo un adulto en su casa que se esforzara para asegurarse de que sus necesidades b\u00e1sicas estuviesen satisfechas? Por necesidades b\u00e1sicas, se entiende comida, alojamiento, ropa y atenci\u00f3n m\u00e9dica. <em>(Nota: Puede ser cualquier adulto de la familia, no necesariamente uno de los padres.)<\/em><\/p>\n\n\n\n<ul class=\"wp-block-list\">\n<li>Nunca<\/li>\n\n\n\n<li>Rara vez<\/li>\n\n\n\n<li>A veces<\/li>\n\n\n\n<li>La mayor parte del tiempo<\/li>\n\n\n\n<li>Siempre<\/li>\n<\/ul>\n\n\n\n<p>7. \u00bfCon qu\u00e9 frecuencia hubo un adulto en su casa que lo hiciera sentir seguro y protegido?<\/p>\n\n\n\n<ul class=\"wp-block-list\">\n<li>Nunca<\/li>\n\n\n\n<li>Rara vez<\/li>\n\n\n\n<li>A veces<\/li>\n\n\n\n<li>La mayor parte del tiempo<\/li>\n\n\n\n<li>Siempre<\/li>\n<\/ul>\n\n\n\n<p>8. Antes de la edad de 18 a\u00f1os, \u00bfcu\u00e1ntas veces alguno de sus padres o alg\u00fan adulto de la familia le peg\u00f3, lo golpe\u00f3, lo pate\u00f3 o lo lastim\u00f3 de alguna forma f\u00edsica? No incluya nalgadas.<\/p>\n\n\n\n<ul class=\"wp-block-list\">\n<li>Nunca<\/li>\n\n\n\n<li>Una vez<\/li>\n\n\n\n<li>M\u00e1s de una vez<\/li>\n<\/ul>\n\n\n\n<p>9. \u00bfCu\u00e1ntas veces sus padres o adultos de su familia se dieron bofetadas, pegaron, golpearon, patearon o lastimaron de manera f\u00edsica entre ellos?<\/p>\n\n\n\n<ul class=\"wp-block-list\">\n<li>Nunca<\/li>\n\n\n\n<li>Una vez<\/li>\n\n\n\n<li>M\u00e1s de una vez<\/li>\n<\/ul>\n\n\n\n<p>10. \u00bfCu\u00e1ntas veces alg\u00fan adulto o alguien al menos 5 a\u00f1os mayor que usted lo toc\u00f3 de manera sexual o intent\u00f3 que usted lo tocara de manera sexual o lo forz\u00f3 a tener relaciones sexuales?<\/p>\n\n\n\n<ul class=\"wp-block-list\">\n<li>Nunca<\/li>\n\n\n\n<li>Una vez<\/li>\n\n\n\n<li>M\u00e1s de una vez<\/li>\n<\/ul>\n\n\n\n<p>11. \u00bfVivi\u00f3 usted con alguien depresivo, psic\u00f3tico o suicida?<\/p>\n\n\n\n<ul class=\"wp-block-list\">\n<li>S\u00ed<\/li>\n\n\n\n<li>No<\/li>\n<\/ul>\n\n\n\n<p>12. \u00bfVivi\u00f3 usted con alguna persona bebedora o alcoh\u00f3lica?<\/p>\n\n\n\n<ul class=\"wp-block-list\">\n<li>S\u00ed<\/li>\n\n\n\n<li>No<\/li>\n<\/ul>\n\n\n\n<p>13. \u00bfVivi\u00f3 usted con alguien que consumiera drogas ilegales o que abusara de medicinas recetadas?<\/p>\n\n\n\n<ul class=\"wp-block-list\">\n<li>S\u00ed<\/li>\n\n\n\n<li>No<\/li>\n<\/ul>\n\n\n\n<p>14. \u00bfVivi\u00f3 usted con alguien que cumpliera una sentencia o que fue condenado a cumplir una sentencia en una penitenciar\u00eda, c\u00e1rcel o cualquier otra prisi\u00f3n correccional?<\/p>\n\n\n\n<ul class=\"wp-block-list\">\n<li>S\u00ed<\/li>\n\n\n\n<li>No<\/li>\n<\/ul>\n\n\n\n<p>15. \u00bfSe encontraban sus padres separados o divorciados?<\/p>\n\n\n\n<ul class=\"wp-block-list\">\n<li>S\u00ed<\/li>\n\n\n\n<li>No<\/li>\n<\/ul>\n\n\n\n<p>16. \u00bfAlguno de sus padres estuvo ausente durante un largo periodo en alg\u00fan momento de su vida? No incluya ausencias debido a la muerte de alguno de ellos.<\/p>\n\n\n\n<ul class=\"wp-block-list\">\n<li>S\u00ed<\/li>\n\n\n\n<li>No<\/li>\n<\/ul>\n\n\n\n<p>17. Antes de la edad de 18 a\u00f1os, \u00bfsufri\u00f3 usted la muerte de alguno de sus padres, hermanos o ni\u00f1era?<\/p>\n\n\n\n<ul class=\"wp-block-list\">\n<li>S\u00ed<\/li>\n\n\n\n<li>No<\/li>\n<\/ul>\n\n\n\n<p>18. Antes de la edad de 18 a\u00f1os, \u00bffue usted v\u00edctima de alg\u00fan delito de violencia? Esta pregunta se refiere a alg\u00fan acto de violencia que haya sido efectuado por una persona que no sea uno de sus padres o miembro de la familia.<\/p>\n\n\n\n<ul class=\"wp-block-list\">\n<li>S\u00ed<\/li>\n\n\n\n<li>No<\/li>\n<\/ul>\n\n\n\n<p>19. En general, \u00bfcu\u00e1n inc\u00f3modo se sinti\u00f3 respondiendo las preguntas de esta encuesta?<\/p>\n\n\n\n<ul class=\"wp-block-list\">\n<li>Para nada inc\u00f3modo<\/li>\n\n\n\n<li>Un poco inc\u00f3modo<\/li>\n\n\n\n<li>Medianamente inc\u00f3modo<\/li>\n\n\n\n<li>Muy inc\u00f3modo<\/li>\n\n\n\n<li>Extremadamente inc\u00f3modo<\/li>\n<\/ul>\n\n\n\n<p>Adapted from Centers for Disease Control and Prevention. (2012). Behavioral Risk Factor Surveillance System Survey Questionnaire: Adverse Childhood Experiences Module. Atlanta, Georgia: Author.<\/p>\n\n\n\n<p>For further information about this measure, contact: Dr. Joshua Mersky, University of Wisconsin-Milwaukee, mersky@uwm.edu<\/p>\n","protected":false},"excerpt":{"rendered":"<p>Encuesta Sobre Experiencias de La Ni\u00f1ez Todas las preguntas a continuaci\u00f3n se refieren al per\u00edodo anterior a los 18 a\u00f1os de edad. Al recordar la etapa anterior a los 18 &#8230;<\/p>\n","protected":false},"author":19872,"featured_media":0,"parent":0,"menu_order":0,"comment_status":"closed","ping_status":"closed","template":"","meta":{"_acf_changed":false,"footnotes":"","uwm_wg_additional_authors":[]},"class_list":["post-7356","page","type-page","status-publish","hentry"],"yoast_head":"<!-- This site is optimized with the Yoast SEO Premium plugin v27.3 (Yoast SEO v27.3) - https:\/\/yoast.com\/product\/yoast-seo-premium-wordpress\/ -->\n<title>Childhood Experiences Survey - Adult Version - Spanish - Institute for Child and Family Well-Being<\/title>\n<meta name=\"robots\" content=\"index, follow, max-snippet:-1, max-image-preview:large, max-video-preview:-1\" \/>\n<link rel=\"canonical\" href=\"https:\/\/uwm.edu\/icfw\/childhood-experiences-survey-adult-version-spanish\/\" \/>\n<meta property=\"og:locale\" content=\"en_US\" \/>\n<meta property=\"og:type\" content=\"article\" \/>\n<meta property=\"og:title\" content=\"Childhood Experiences Survey - Adult Version - Spanish\" \/>\n<meta property=\"og:description\" content=\"Encuesta Sobre Experiencias de La Ni\u00f1ez Todas las preguntas a continuaci\u00f3n se refieren al per\u00edodo anterior a los 18 a\u00f1os de edad. Al recordar la etapa anterior a los 18 ...\" \/>\n<meta property=\"og:url\" content=\"https:\/\/uwm.edu\/icfw\/childhood-experiences-survey-adult-version-spanish\/\" \/>\n<meta property=\"og:site_name\" content=\"Institute for Child and Family Well-Being\" \/>\n<meta property=\"article:modified_time\" content=\"2026-03-09T21:20:01+00:00\" \/>\n<meta name=\"twitter:card\" content=\"summary_large_image\" \/>\n<meta name=\"twitter:label1\" content=\"Est. reading time\" \/>\n\t<meta name=\"twitter:data1\" content=\"4 minutes\" \/>\n<script type=\"application\/ld+json\" class=\"yoast-schema-graph\">{\"@context\":\"https:\\\/\\\/schema.org\",\"@graph\":[{\"@type\":\"WebPage\",\"@id\":\"https:\\\/\\\/uwm.edu\\\/icfw\\\/childhood-experiences-survey-adult-version-spanish\\\/\",\"url\":\"https:\\\/\\\/uwm.edu\\\/icfw\\\/childhood-experiences-survey-adult-version-spanish\\\/\",\"name\":\"Childhood Experiences Survey - Adult Version - Spanish - Institute for Child and Family Well-Being\",\"isPartOf\":{\"@id\":\"https:\\\/\\\/uwm.edu\\\/icfw\\\/#website\"},\"datePublished\":\"2026-02-06T19:46:11+00:00\",\"dateModified\":\"2026-03-09T21:20:01+00:00\",\"breadcrumb\":{\"@id\":\"https:\\\/\\\/uwm.edu\\\/icfw\\\/childhood-experiences-survey-adult-version-spanish\\\/#breadcrumb\"},\"inLanguage\":\"en-US\",\"potentialAction\":[{\"@type\":\"ReadAction\",\"target\":[\"https:\\\/\\\/uwm.edu\\\/icfw\\\/childhood-experiences-survey-adult-version-spanish\\\/\"]}]},{\"@type\":\"BreadcrumbList\",\"@id\":\"https:\\\/\\\/uwm.edu\\\/icfw\\\/childhood-experiences-survey-adult-version-spanish\\\/#breadcrumb\",\"itemListElement\":[{\"@type\":\"ListItem\",\"position\":1,\"name\":\"Home\",\"item\":\"https:\\\/\\\/uwm.edu\\\/icfw\\\/\"},{\"@type\":\"ListItem\",\"position\":2,\"name\":\"Childhood Experiences Survey &#8211; Adult Version &#8211; Spanish\"}]},{\"@type\":\"WebSite\",\"@id\":\"https:\\\/\\\/uwm.edu\\\/icfw\\\/#website\",\"url\":\"https:\\\/\\\/uwm.edu\\\/icfw\\\/\",\"name\":\"Institute for Child and Family Well-Being\",\"description\":\"\",\"potentialAction\":[{\"@type\":\"SearchAction\",\"target\":{\"@type\":\"EntryPoint\",\"urlTemplate\":\"https:\\\/\\\/uwm.edu\\\/icfw\\\/?s={search_term_string}\"},\"query-input\":{\"@type\":\"PropertyValueSpecification\",\"valueRequired\":true,\"valueName\":\"search_term_string\"}}],\"inLanguage\":\"en-US\"}]}<\/script>\n<!-- \/ Yoast SEO Premium plugin. -->","yoast_head_json":{"title":"Childhood Experiences Survey - Adult Version - Spanish - Institute for Child and Family Well-Being","robots":{"index":"index","follow":"follow","max-snippet":"max-snippet:-1","max-image-preview":"max-image-preview:large","max-video-preview":"max-video-preview:-1"},"canonical":"https:\/\/uwm.edu\/icfw\/childhood-experiences-survey-adult-version-spanish\/","og_locale":"en_US","og_type":"article","og_title":"Childhood Experiences Survey - Adult Version - Spanish","og_description":"Encuesta Sobre Experiencias de La Ni\u00f1ez Todas las preguntas a continuaci\u00f3n se refieren al per\u00edodo anterior a los 18 a\u00f1os de edad. Al recordar la etapa anterior a los 18 ...","og_url":"https:\/\/uwm.edu\/icfw\/childhood-experiences-survey-adult-version-spanish\/","og_site_name":"Institute for Child and Family Well-Being","article_modified_time":"2026-03-09T21:20:01+00:00","twitter_card":"summary_large_image","twitter_misc":{"Est. reading time":"4 minutes"},"schema":{"@context":"https:\/\/schema.org","@graph":[{"@type":"WebPage","@id":"https:\/\/uwm.edu\/icfw\/childhood-experiences-survey-adult-version-spanish\/","url":"https:\/\/uwm.edu\/icfw\/childhood-experiences-survey-adult-version-spanish\/","name":"Childhood Experiences Survey - Adult Version - Spanish - Institute for Child and Family Well-Being","isPartOf":{"@id":"https:\/\/uwm.edu\/icfw\/#website"},"datePublished":"2026-02-06T19:46:11+00:00","dateModified":"2026-03-09T21:20:01+00:00","breadcrumb":{"@id":"https:\/\/uwm.edu\/icfw\/childhood-experiences-survey-adult-version-spanish\/#breadcrumb"},"inLanguage":"en-US","potentialAction":[{"@type":"ReadAction","target":["https:\/\/uwm.edu\/icfw\/childhood-experiences-survey-adult-version-spanish\/"]}]},{"@type":"BreadcrumbList","@id":"https:\/\/uwm.edu\/icfw\/childhood-experiences-survey-adult-version-spanish\/#breadcrumb","itemListElement":[{"@type":"ListItem","position":1,"name":"Home","item":"https:\/\/uwm.edu\/icfw\/"},{"@type":"ListItem","position":2,"name":"Childhood Experiences Survey &#8211; Adult Version &#8211; Spanish"}]},{"@type":"WebSite","@id":"https:\/\/uwm.edu\/icfw\/#website","url":"https:\/\/uwm.edu\/icfw\/","name":"Institute for Child and Family Well-Being","description":"","potentialAction":[{"@type":"SearchAction","target":{"@type":"EntryPoint","urlTemplate":"https:\/\/uwm.edu\/icfw\/?s={search_term_string}"},"query-input":{"@type":"PropertyValueSpecification","valueRequired":true,"valueName":"search_term_string"}}],"inLanguage":"en-US"}]}},"acf":[],"_links":{"self":[{"href":"https:\/\/uwm.edu\/icfw\/wp-json\/wp\/v2\/pages\/7356","targetHints":{"allow":["GET"]}}],"collection":[{"href":"https:\/\/uwm.edu\/icfw\/wp-json\/wp\/v2\/pages"}],"about":[{"href":"https:\/\/uwm.edu\/icfw\/wp-json\/wp\/v2\/types\/page"}],"author":[{"embeddable":true,"href":"https:\/\/uwm.edu\/icfw\/wp-json\/wp\/v2\/users\/19872"}],"replies":[{"embeddable":true,"href":"https:\/\/uwm.edu\/icfw\/wp-json\/wp\/v2\/comments?post=7356"}],"version-history":[{"count":5,"href":"https:\/\/uwm.edu\/icfw\/wp-json\/wp\/v2\/pages\/7356\/revisions"}],"predecessor-version":[{"id":7373,"href":"https:\/\/uwm.edu\/icfw\/wp-json\/wp\/v2\/pages\/7356\/revisions\/7373"}],"wp:attachment":[{"href":"https:\/\/uwm.edu\/icfw\/wp-json\/wp\/v2\/media?parent=7356"}],"curies":[{"name":"wp","href":"https:\/\/api.w.org\/{rel}","templated":true}]}}