
{"id":11118,"date":"2025-05-16T10:27:06","date_gmt":"2025-05-16T15:27:06","guid":{"rendered":"https:\/\/uwm.edu\/clacs\/?page_id=11118"},"modified":"2025-08-19T13:30:49","modified_gmt":"2025-08-19T18:30:49","slug":"2025-clacs-summer-institute-speaker-bios","status":"publish","type":"page","link":"https:\/\/uwm.edu\/clacs\/public-engagement\/2025-clacs-summer-institute-speaker-bios\/","title":{"rendered":"2025 CLACS Summer Institute Speaker Bios"},"content":{"rendered":"<p><strong>Carlos Hagerman<\/strong> and <strong>Jorge Villalobos<\/strong> are Mexican filmmakers known for their award-winning film <em>Home is Somewhere Else<\/em> (2023), a documentary animation that shares the rich complexity of the emotional experiences of immigrant children and families to better understand and empathize with them.<\/p>\n<p style=\"padding-left: 40px\"><strong>Carlos Hagerman<\/strong> was born in Mexico City. He received his MFA in Film at NYU as a Fulbright scholar. He worked for eight years as a director in Alejandro Gonz\u00e1lez I\u00f1\u00e1rritu\u2019s production company Zeta Films, before opening his own company. There, he produced and directed award-winning documentaries like <em>Those Who Remain<\/em> (IDA Humanitas Award 2009), <em>Back to Life<\/em>, and <em>No Place Like Home<\/em>. He also co-produced <em>Plaza de la Soledad<\/em> (Sundance 2013) and <em>Rush Hour<\/em> (SXSW 2018). He is a founding partner of Brinca Animation Studio.<\/p>\n<p style=\"padding-left: 40px\"><strong>Jorge Villalobos<\/strong> is a writer, director, and producer of animated and live-action projects. He directed several children\u2019s series for Canal Once, Mexico\u2019s Public TV channel. His animated and fiction short films won over 20 international awards. Since co-founding Brinca Animation Studio in 2012, Jorge and Carlos Hagerman have worked as a team, co-producing and co-directing animation projects for children and communication tools for human rights organizations like UNICEF and the Mexican Human Rights Commission.<\/p>\n<p><strong>Dr. Erin Hogan<\/strong> is Professor of Spanish at the University of Maryland Baltimore County (UMBC). Dr. Hogan\u2019s broader areas of research range from 17th century Spain to contemporary Latin America, and span the transnational screen arts, intercultural pedagogy, and videographic criticism. Her research particularly examines the child and the patriarchal corpse as biopolitical figures, gynocentric filmic representations of and by women, and the uses of comedy and satire for social justice. Dr. Hogan is the author of <em>The Two cines con ni\u00f1o: Genre and the Child Protagonist in Over Fifty Years of Spanish Film (1955-2010)<\/em> (Edinburgh University Press, 2018) and <em>Patriarchy&#8217;s Remains: An Autopsy of Iberian Cinematic Dark Humour<\/em> (McGill-Queen\u2019s University Press, 2024), and has taught courses including \u201cFilm and Society in Latin America\u201d and \u201cPolitical Childhood and Children\u2019s Political Citizenship in Western Culture\u201d.<\/p>\n<p><strong>Julie Kline\u00a0<\/strong>worked in the UW-Milwaukee Center for Latin American and Caribbean Studies for 38 years until her retirement in 2024. She holds a BA from the Ohio State University (International Relations) and an MA from UW-Madison (Ibero-American Studies). A long-standing interest in international children&#8217;s literature was shaped by a 1988 fellowship at the International Youth Library, Munich. That experience helped lay the groundwork for creation of the Am\u00e9ricas Award for Children&#8217;s and Young Adult Literature, with the Consortium of Latin American Studies Programs (CLASP), and coordination of the award for its first 18 years, including an annual award presentation at the Library of Congress. While with UWM CLACS, Kline also taught a children&#8217;s literature course online with the UWM School of Education, focused on Latin American\/Latinx cultural heritages, and co-organized multiple related public events, including the 2021 series &#8220;Latin American Children&#8217;s Book Creators.&#8221;<\/p>\n<p><strong>Mar\u00eda Morf\u00edn Stoopen<\/strong> is founder and Director of La Jugarreta Espacios de Participaci\u00f3n AC, an organization in Tepoztl\u00e1n, Morelos, M\u00e9xico, that since 2000 supports children in proposing and directing collective projects for the good of the community based on their own interests. Morf\u00edn has a degree in Social Communication from Mexico\u2019s Autonomous Metropolitan University and has consulted for multiple institutions on the implementation of programs promoting child and youth participation (including UNICEF, National System for the Integral Development of the Family, Ministry of Culture, National Electoral Institute). In addition to offering extensive trainings for educators and parents, she is the author of various books, guides, and articles on child and youth participation, such as <em>Child and Youth Participation: A Guide for its Promotion<\/em> (2012).<\/p>\n<p><strong>Dr. Jessica Taft<\/strong> is Professor of Latin American and Latino Studies at the University of California Santa Cruz and the Faculty Director of the Dolores Huerta Research Center for the Americas. Her research focuses on young people\u2019s contributions to social change through activism and social movements in North and South America. She is the author of <em>Rebel Girls: Youth Activism and Social Change Across the Americas<\/em> (NYU Press, 2011), <em>The Kids Are in Charge: Activism and Power in Peru\u2019s Movement of Working Children<\/em> (NYU Press, 2019), and numerous journal articles on girls\u2019 activism, children\u2019s participation, youth politics, and intergenerational dynamics within social movements. Dr. Taft is part of a variety of local, national, and international collaborative projects focused on child and youth participation and has worked with funders and non-governmental organizations to deepen their analysis of the challenges and possibilities of meaningful engagement with young people.<\/p>\n<p><strong>Misha Vallejo Prut<\/strong> is an Ecuadorian audiovisual artist and storyteller whose work blurs the line between documentary and art. His projects explore glocal issues: themes that appear local but reveal global dimensions through his lens. With an MA in Documentary Photography from the University of the Arts London, Misha is the author of three internationally award-winning photobooks as well as the interactive documentary secretsarayaku.net. His photography has appeared in <em>The New York Times<\/em>, <em>The Washington Post<\/em>, <em>VICE<\/em>, <em>GEO<\/em>, <em>Stern<\/em>, and <em>Marie Claire<\/em>, among others, and his exhibitions have also traveled globally. Misha is currently based in Ecuador, where he continues to develop new audiovisual projects.<\/p>\n<p><strong>Dr. Gabriel Velez<\/strong> is Associate Professor in Educational Policy and Leadership in the College of Education at Marquette University. Dr. Velez studies identity development in adolescents, particularly in relation to citizenship, human rights, restorative justice, and peace. Dr. Velez has a forthcoming book entitled <em>Making Meaning of Justice and Peace: A Developmental Lens to Restorative Justice and Peace Education<\/em>, and is working on another manuscript on adolescent development, education, and artificial intelligence, both with Cambridge University Press. He was a secondary educator in Peru and Colombia for 5 years and has worked with a number of Colombian universities as a Fulbright Specialist.<\/p>\n<p>&nbsp;<\/p>\n","protected":false},"excerpt":{"rendered":"<p>Carlos Hagerman and Jorge Villalobos are Mexican filmmakers known for their award-winning film Home is Somewhere Else (2023), a documentary animation that shares the rich complexity of the emotional experiences of immigrant children and families to better understand and empathize &hellip; <span class=\"ls-more-link\"><a href=\"https:\/\/uwm.edu\/clacs\/public-engagement\/2025-clacs-summer-institute-speaker-bios\/\"><em>Continue Reading<\/em> &raquo;<\/a><\/span>","protected":false},"author":38758,"featured_media":0,"parent":38,"menu_order":1,"comment_status":"closed","ping_status":"closed","template":"","meta":{"_acf_changed":false,"footnotes":"","uwm_wg_additional_authors":[]},"class_list":["post-11118","page","type-page","status-publish","hentry"],"yoast_head":"<!-- This site is optimized with the Yoast SEO Premium plugin v27.3 (Yoast SEO v27.3) - https:\/\/yoast.com\/product\/yoast-seo-premium-wordpress\/ -->\n<title>2025 CLACS Summer Institute Speaker Bios - Center for Latin American &amp; Caribbean Studies<\/title>\n<meta name=\"robots\" content=\"index, follow, max-snippet:-1, max-image-preview:large, max-video-preview:-1\" \/>\n<link rel=\"canonical\" href=\"https:\/\/uwm.edu\/clacs\/public-engagement\/2025-clacs-summer-institute-speaker-bios\/\" \/>\n<meta property=\"og:locale\" content=\"en_US\" \/>\n<meta property=\"og:type\" content=\"article\" \/>\n<meta property=\"og:title\" content=\"2025 CLACS Summer Institute Speaker Bios\" \/>\n<meta property=\"og:description\" content=\"Carlos Hagerman and Jorge Villalobos are Mexican filmmakers known for their award-winning film Home is Somewhere Else (2023), a documentary animation that shares the rich complexity of the emotional experiences of immigrant children and families to better understand and empathize\" \/>\n<meta property=\"og:url\" content=\"https:\/\/uwm.edu\/clacs\/public-engagement\/2025-clacs-summer-institute-speaker-bios\/\" \/>\n<meta property=\"og:site_name\" content=\"Center for Latin American &amp; Caribbean Studies\" \/>\n<meta property=\"article:modified_time\" content=\"2025-08-19T18:30:49+00:00\" \/>\n<meta name=\"twitter:card\" content=\"summary_large_image\" \/>\n<meta name=\"twitter:label1\" content=\"Est. reading time\" \/>\n\t<meta name=\"twitter:data1\" content=\"5 minutes\" \/>\n<script type=\"application\/ld+json\" class=\"yoast-schema-graph\">{\"@context\":\"https:\\\/\\\/schema.org\",\"@graph\":[{\"@type\":\"WebPage\",\"@id\":\"https:\\\/\\\/uwm.edu\\\/clacs\\\/public-engagement\\\/2025-clacs-summer-institute-speaker-bios\\\/\",\"url\":\"https:\\\/\\\/uwm.edu\\\/clacs\\\/public-engagement\\\/2025-clacs-summer-institute-speaker-bios\\\/\",\"name\":\"2025 CLACS Summer Institute Speaker Bios - Center for Latin American &amp; Caribbean Studies\",\"isPartOf\":{\"@id\":\"https:\\\/\\\/uwm.edu\\\/clacs\\\/#website\"},\"datePublished\":\"2025-05-16T15:27:06+00:00\",\"dateModified\":\"2025-08-19T18:30:49+00:00\",\"breadcrumb\":{\"@id\":\"https:\\\/\\\/uwm.edu\\\/clacs\\\/public-engagement\\\/2025-clacs-summer-institute-speaker-bios\\\/#breadcrumb\"},\"inLanguage\":\"en-US\",\"potentialAction\":[{\"@type\":\"ReadAction\",\"target\":[\"https:\\\/\\\/uwm.edu\\\/clacs\\\/public-engagement\\\/2025-clacs-summer-institute-speaker-bios\\\/\"]}]},{\"@type\":\"BreadcrumbList\",\"@id\":\"https:\\\/\\\/uwm.edu\\\/clacs\\\/public-engagement\\\/2025-clacs-summer-institute-speaker-bios\\\/#breadcrumb\",\"itemListElement\":[{\"@type\":\"ListItem\",\"position\":1,\"name\":\"Home\",\"item\":\"https:\\\/\\\/uwm.edu\\\/clacs\\\/\"},{\"@type\":\"ListItem\",\"position\":2,\"name\":\"Public Engagement\",\"item\":\"https:\\\/\\\/uwm.edu\\\/clacs\\\/public-engagement\\\/\"},{\"@type\":\"ListItem\",\"position\":3,\"name\":\"2025 CLACS Summer Institute Speaker Bios\"}]},{\"@type\":\"WebSite\",\"@id\":\"https:\\\/\\\/uwm.edu\\\/clacs\\\/#website\",\"url\":\"https:\\\/\\\/uwm.edu\\\/clacs\\\/\",\"name\":\"Center for Latin American &amp; Caribbean Studies\",\"description\":\"UW-Milwaukee\",\"potentialAction\":[{\"@type\":\"SearchAction\",\"target\":{\"@type\":\"EntryPoint\",\"urlTemplate\":\"https:\\\/\\\/uwm.edu\\\/clacs\\\/?s={search_term_string}\"},\"query-input\":{\"@type\":\"PropertyValueSpecification\",\"valueRequired\":true,\"valueName\":\"search_term_string\"}}],\"inLanguage\":\"en-US\"}]}<\/script>\n<!-- \/ Yoast SEO Premium plugin. -->","yoast_head_json":{"title":"2025 CLACS Summer Institute Speaker Bios - Center for Latin American &amp; Caribbean Studies","robots":{"index":"index","follow":"follow","max-snippet":"max-snippet:-1","max-image-preview":"max-image-preview:large","max-video-preview":"max-video-preview:-1"},"canonical":"https:\/\/uwm.edu\/clacs\/public-engagement\/2025-clacs-summer-institute-speaker-bios\/","og_locale":"en_US","og_type":"article","og_title":"2025 CLACS Summer Institute Speaker Bios","og_description":"Carlos Hagerman and Jorge Villalobos are Mexican filmmakers known for their award-winning film Home is Somewhere Else (2023), a documentary animation that shares the rich complexity of the emotional experiences of immigrant children and families to better understand and empathize","og_url":"https:\/\/uwm.edu\/clacs\/public-engagement\/2025-clacs-summer-institute-speaker-bios\/","og_site_name":"Center for Latin American &amp; Caribbean Studies","article_modified_time":"2025-08-19T18:30:49+00:00","twitter_card":"summary_large_image","twitter_misc":{"Est. reading time":"5 minutes"},"schema":{"@context":"https:\/\/schema.org","@graph":[{"@type":"WebPage","@id":"https:\/\/uwm.edu\/clacs\/public-engagement\/2025-clacs-summer-institute-speaker-bios\/","url":"https:\/\/uwm.edu\/clacs\/public-engagement\/2025-clacs-summer-institute-speaker-bios\/","name":"2025 CLACS Summer Institute Speaker Bios - Center for Latin American &amp; Caribbean Studies","isPartOf":{"@id":"https:\/\/uwm.edu\/clacs\/#website"},"datePublished":"2025-05-16T15:27:06+00:00","dateModified":"2025-08-19T18:30:49+00:00","breadcrumb":{"@id":"https:\/\/uwm.edu\/clacs\/public-engagement\/2025-clacs-summer-institute-speaker-bios\/#breadcrumb"},"inLanguage":"en-US","potentialAction":[{"@type":"ReadAction","target":["https:\/\/uwm.edu\/clacs\/public-engagement\/2025-clacs-summer-institute-speaker-bios\/"]}]},{"@type":"BreadcrumbList","@id":"https:\/\/uwm.edu\/clacs\/public-engagement\/2025-clacs-summer-institute-speaker-bios\/#breadcrumb","itemListElement":[{"@type":"ListItem","position":1,"name":"Home","item":"https:\/\/uwm.edu\/clacs\/"},{"@type":"ListItem","position":2,"name":"Public Engagement","item":"https:\/\/uwm.edu\/clacs\/public-engagement\/"},{"@type":"ListItem","position":3,"name":"2025 CLACS Summer Institute Speaker Bios"}]},{"@type":"WebSite","@id":"https:\/\/uwm.edu\/clacs\/#website","url":"https:\/\/uwm.edu\/clacs\/","name":"Center for Latin American &amp; Caribbean Studies","description":"UW-Milwaukee","potentialAction":[{"@type":"SearchAction","target":{"@type":"EntryPoint","urlTemplate":"https:\/\/uwm.edu\/clacs\/?s={search_term_string}"},"query-input":{"@type":"PropertyValueSpecification","valueRequired":true,"valueName":"search_term_string"}}],"inLanguage":"en-US"}]}},"acf":[],"publishpress_future_action":{"enabled":false,"date":"2026-04-20 14:27:51","action":"change-status","newStatus":"draft","terms":[],"taxonomy":"","extraData":[]},"publishpress_future_workflow_manual_trigger":{"enabledWorkflows":[]},"_links":{"self":[{"href":"https:\/\/uwm.edu\/clacs\/wp-json\/wp\/v2\/pages\/11118","targetHints":{"allow":["GET"]}}],"collection":[{"href":"https:\/\/uwm.edu\/clacs\/wp-json\/wp\/v2\/pages"}],"about":[{"href":"https:\/\/uwm.edu\/clacs\/wp-json\/wp\/v2\/types\/page"}],"author":[{"embeddable":true,"href":"https:\/\/uwm.edu\/clacs\/wp-json\/wp\/v2\/users\/38758"}],"replies":[{"embeddable":true,"href":"https:\/\/uwm.edu\/clacs\/wp-json\/wp\/v2\/comments?post=11118"}],"version-history":[{"count":9,"href":"https:\/\/uwm.edu\/clacs\/wp-json\/wp\/v2\/pages\/11118\/revisions"}],"predecessor-version":[{"id":11198,"href":"https:\/\/uwm.edu\/clacs\/wp-json\/wp\/v2\/pages\/11118\/revisions\/11198"}],"up":[{"embeddable":true,"href":"https:\/\/uwm.edu\/clacs\/wp-json\/wp\/v2\/pages\/38"}],"wp:attachment":[{"href":"https:\/\/uwm.edu\/clacs\/wp-json\/wp\/v2\/media?parent=11118"}],"curies":[{"name":"wp","href":"https:\/\/api.w.org\/{rel}","templated":true}]}}