{"id":1592,"date":"2017-11-21T13:20:53","date_gmt":"2017-11-21T19:20:53","guid":{"rendered":"https:\/\/uwm.edu\/c21\/?page_id=1592"},"modified":"2025-10-19T19:23:07","modified_gmt":"2025-10-20T00:23:07","slug":"television-representation-audience-industry","status":"publish","type":"page","link":"https:\/\/uwm.edu\/c21\/television-representation-audience-industry\/","title":{"rendered":"Television: Representation, Audience, Industry"},"content":{"rendered":"<p><strong>Television: Representation, Audience, Industry<\/strong><br \/>\nApril 13-15 1988<\/p>\n<p><em>with Mich\u00e8le Mattelart, John Caughie, Patrice Petro, Margaret Morse, Stephen Heath, Lidia Curti, Mary Ann Doane, Patricia Mellencamp, Jane Feuer, John Hartley, James Collins, Lynn Spigel, Andrew Tolson, Andrew Ross, Mimi White, Pamela Falkenberg, James Schwoch, Simon Frith, William Boddy, Douglas Gomery, Judith Barry, Ondina Fachel Leal, Robert Deming, John Fiske, and H.U. Gumbrecht<\/em><\/p>\n<p>[metaslider id=&#8221;5438&#8243;]<\/p>\n<figure id=\"attachment_5435\" aria-describedby=\"caption-attachment-5435\" style=\"width: 182px\" class=\"wp-caption alignright\"><a href=\"https:\/\/uwm.edu\/c21\/wp-content\/uploads\/sites\/359\/2020\/01\/Television-Representation-Audience-and-Industry-4.13-15.88-Poster-1-web.jpg\"><img loading=\"lazy\" decoding=\"async\" class=\"wp-image-5435 size-medium\" src=\"https:\/\/uwm.edu\/c21\/wp-content\/uploads\/sites\/359\/2020\/01\/Television-Representation-Audience-and-Industry-4.13-15.88-Poster-1-web-182x300.jpg\" alt=\"Television Representation Audience and Industry Program\" width=\"182\" height=\"300\" srcset=\"https:\/\/uwm.edu\/c21\/wp-content\/uploads\/sites\/359\/2020\/01\/Television-Representation-Audience-and-Industry-4.13-15.88-Poster-1-web-182x300.jpg 182w, https:\/\/uwm.edu\/c21\/wp-content\/uploads\/sites\/359\/2020\/01\/Television-Representation-Audience-and-Industry-4.13-15.88-Poster-1-web-622x1024.jpg 622w, https:\/\/uwm.edu\/c21\/wp-content\/uploads\/sites\/359\/2020\/01\/Television-Representation-Audience-and-Industry-4.13-15.88-Poster-1-web-768x1265.jpg 768w, https:\/\/uwm.edu\/c21\/wp-content\/uploads\/sites\/359\/2020\/01\/Television-Representation-Audience-and-Industry-4.13-15.88-Poster-1-web.jpg 800w\" sizes=\"auto, (max-width: 182px) 100vw, 182px\" \/><\/a><figcaption id=\"caption-attachment-5435\" class=\"wp-caption-text\">Original conference program<\/figcaption><\/figure>\n<p><strong>Wednesday, April 13 <\/strong><br \/>\nRepresentation<\/p>\n<p>9:00-11:00AM Kathleen Woodward, Introduction<br \/>\nPatricia Mellencamp, &#8220;Measures of TV Time: Scandal, Catastrophe, Age&#8221;<br \/>\nPatrice Petro, &#8220;Courting the Law: Television and the Trial&#8221;<br \/>\nStephen Heath, &#8220;Representing Television&#8221;<\/p>\n<p>1:30-2:30PM John Caughie, &#8220;Playing at Being American&#8221;<br \/>\nAndrew Ross, &#8220;Made Max: Three Lives in the Day of&#8221;<\/p>\n<p>2:30-3:30PM Discussion<br \/>\nModerator: Dana Polan<\/p>\n<p>4:00-5:00PM Mary Ann Doane, &#8220;Information, Crisis, Catastrophe&#8221;<br \/>\nLidia Curti, &#8220;Fe\/male Narratives&#8221;<\/p>\n<p>7:30PM Mich\u00e8le Mattelart, &#8220;Audiences et repr\u00e9sentation: Notes pour une pol\u00e9mique&#8221;<br \/>\nMargaret Morse, &#8220;Chronotopes of Television: The Magazine, The Freeway&#8221;<\/p>\n<figure id=\"attachment_1593\" aria-describedby=\"caption-attachment-1593\" style=\"width: 400px\" class=\"wp-caption alignnone\"><a href=\"https:\/\/uwm.edu\/c21\/wp-content\/uploads\/sites\/359\/2017\/11\/television1.jpg\"><img loading=\"lazy\" decoding=\"async\" class=\"size-full wp-image-1593\" src=\"https:\/\/uwm.edu\/c21\/wp-content\/uploads\/sites\/359\/2017\/11\/television1.jpg\" alt=\"Mary Ann Doane presenting her talk, &quot;Information, Crisis, Catastrophe&quot;\" width=\"400\" height=\"311\" srcset=\"https:\/\/uwm.edu\/c21\/wp-content\/uploads\/sites\/359\/2017\/11\/television1.jpg 400w, https:\/\/uwm.edu\/c21\/wp-content\/uploads\/sites\/359\/2017\/11\/television1-300x233.jpg 300w\" sizes=\"auto, (max-width: 400px) 100vw, 400px\" \/><\/a><figcaption id=\"caption-attachment-1593\" class=\"wp-caption-text\">Mary Ann Doane presenting her talk, &#8220;Information, Crisis, Catastrophe&#8221;<\/figcaption><\/figure>\n<p><strong>Thursday, April 14<\/strong><br \/>\nAudience<\/p>\n<p>9:00-10:00AM Jane Feuer, &#8220;People Meters and Positioned Subjects: The Construction of Audiences&#8221;<br \/>\nOndina Fachel Leal, &#8220;Popular Taste and Erudite Repetoire: The Plae and Space of Television&#8221;<\/p>\n<p>10:30-12:00 James Collins, &#8220;Watching Ourselves Watch Television&#8221;<br \/>\nAndrew Tolson, &#8220;On Public Record: Television, Representation, and the Interview&#8221;<br \/>\nLynn Spigel, &#8220;Television in the Family Circle, 1948-55&#8221;<\/p>\n<p>2:00-3:00PM Issues to be Addressed in Panels: Mimi White, Pamela Falkenberg, James Schwoch<\/p>\n<p>3:00-6:00PM Panels<\/p>\n<p>Panel on Representation:<br \/>\nRichard Campbell, &#8220;Centering the Audience: Narrative Maps in 60 Minutes&#8221;<br \/>\nLynne Joyrich, &#8220;Television\/Gender\/Postmodernism: Contradictions in Max Headroom and Pee-Wee&#8217;s Playhouse&#8221;<br \/>\nHilary Radner, &#8220;&#8216;I&#8217;m worth it.&#8217;: The Shrew and the Cover Girl: Moonlighting and Feminine Enuncation&#8221;<br \/>\nCarole-Anne Tyler, &#8220;Representing Femininity: Transvestism, Transsexualism, and the Renee Richards Story&#8221;<\/p>\n<p>Panel on Audience<br \/>\nConnie Balides, &#8220;Television and Memory&#8221;<br \/>\nCharlotte Brundson, &#8220;Gender, Genre, and Audience&#8221;<br \/>\nLaura Goostree, &#8220;The Space of Wild Intertextuality: Toward an Audience-based Television Aesthetic&#8221;<br \/>\nGlenn Hendler, &#8220;&#8216;None of What You Are Seeing is Actually Happening&#8217;: Simulated Responses to Nuclear Catastrophe in Two TV Movies&#8221;<\/p>\n<p>Panel on Industry<br \/>\nAna Lopez, &#8220;Beyond the Postmodernist Problematic: TV in Cuba&#8221;<br \/>\nBrian Nienhaus, &#8220;Beyond Medium and Text: Commodity Relations&#8221;<br \/>\nThomas Streeter, &#8220;Commercial Television and the State: Broadcast Policy and the Contradictions of Liberal Political Discourse&#8221;<br \/>\nWilliam Uricchio, &#8220;The Transmissions in Search of an Audience: The Contradictions of Early German Television&#8221;<\/p>\n<p>8:00PM Counterpoint: The Politics of Art<br \/>\nDoug Hall, Chip Lord<\/p>\n<p><a href=\"https:\/\/uwm.edu\/c21\/wp-content\/uploads\/sites\/359\/2017\/11\/television2.jpg\"><img loading=\"lazy\" decoding=\"async\" class=\"alignnone size-full wp-image-1594\" src=\"https:\/\/uwm.edu\/c21\/wp-content\/uploads\/sites\/359\/2017\/11\/television2.jpg\" alt=\"Television: Representation, Audience, Industry conference\" width=\"400\" height=\"265\" srcset=\"https:\/\/uwm.edu\/c21\/wp-content\/uploads\/sites\/359\/2017\/11\/television2.jpg 400w, https:\/\/uwm.edu\/c21\/wp-content\/uploads\/sites\/359\/2017\/11\/television2-300x199.jpg 300w\" sizes=\"auto, (max-width: 400px) 100vw, 400px\" \/><\/a><\/p>\n<p><strong>Friday, April 15<\/strong><br \/>\n9:30-11:00AM William Boddy, &#8220;The Seven Dwarves and the Money Grubbers: The Public Relations Crises of American Television in the Late 1950s&#8221;<br \/>\nDouglas Gomery, &#8220;Hollywood and Television&#8221;<\/p>\n<p>1:30PM Counterpoint: The Art of Politics<br \/>\nJudith Barry, DeeDee Halleck, Annie Goldson<br \/>\nDiscussants: Robert C. Allen, Jane Gaines, John Fiske, H.U. Gumbrecht, Robert Deming, Eileen Meehan, Brian Winston<\/p>\n<figure id=\"attachment_1595\" aria-describedby=\"caption-attachment-1595\" style=\"width: 400px\" class=\"wp-caption alignnone\"><a href=\"https:\/\/uwm.edu\/c21\/wp-content\/uploads\/sites\/359\/2017\/11\/television3.jpg\"><img loading=\"lazy\" decoding=\"async\" class=\"size-full wp-image-1595\" src=\"https:\/\/uwm.edu\/c21\/wp-content\/uploads\/sites\/359\/2017\/11\/television3.jpg\" alt=\"DeeDee Halleck\" width=\"400\" height=\"608\" srcset=\"https:\/\/uwm.edu\/c21\/wp-content\/uploads\/sites\/359\/2017\/11\/television3.jpg 400w, https:\/\/uwm.edu\/c21\/wp-content\/uploads\/sites\/359\/2017\/11\/television3-197x300.jpg 197w\" sizes=\"auto, (max-width: 400px) 100vw, 400px\" \/><\/a><figcaption id=\"caption-attachment-1595\" class=\"wp-caption-text\">DeeDee Halleck<\/figcaption><\/figure>\n<p>&nbsp;<\/p>\n","protected":false},"excerpt":{"rendered":"<p>Television: Representation, Audience, Industry April 13-15 1988 with Mich\u00e8le Mattelart, John Caughie, Patrice Petro, Margaret Morse, Stephen Heath, Lidia Curti, Mary Ann Doane, Patricia Mellencamp, Jane Feuer, John Hartley, James Collins, Lynn Spigel, Andrew Tolson, Andrew Ross, Mimi White, Pamela &hellip;<\/p>\n","protected":false},"author":690,"featured_media":0,"parent":0,"menu_order":19,"comment_status":"closed","ping_status":"closed","template":"","meta":{"_acf_changed":false,"_tec_requires_first_save":true,"_EventAllDay":false,"_EventTimezone":"","_EventStartDate":"","_EventEndDate":"","_EventStartDateUTC":"","_EventEndDateUTC":"","_EventShowMap":false,"_EventShowMapLink":false,"_EventURL":"","_EventCost":"","_EventCostDescription":"","_EventCurrencySymbol":"","_EventCurrencyCode":"","_EventCurrencyPosition":"","_EventDateTimeSeparator":"","_EventTimeRangeSeparator":"","_EventOrganizerID":[],"_EventVenueID":[],"_OrganizerEmail":"","_OrganizerPhone":"","_OrganizerWebsite":"","_VenueAddress":"","_VenueCity":"","_VenueCountry":"","_VenueProvince":"","_VenueState":"","_VenueZip":"","_VenuePhone":"","_VenueURL":"","_VenueStateProvince":"","_VenueLat":"","_VenueLng":"","_VenueShowMap":false,"_VenueShowMapLink":false,"_tribe_blocks_recurrence_rules":"","_tribe_blocks_recurrence_description":"","_tribe_blocks_recurrence_exclusions":"","footnotes":"","uwm_wg_additional_authors":[]},"class_list":["post-1592","page","type-page","status-publish","hentry"],"yoast_head":"<!-- This site is optimized with the Yoast SEO Premium plugin v27.3 (Yoast SEO v27.3) - https:\/\/yoast.com\/product\/yoast-seo-premium-wordpress\/ -->\n<title>Center for 21st Century Studies<\/title>\n<meta name=\"robots\" content=\"index, follow, max-snippet:-1, max-image-preview:large, max-video-preview:-1\" \/>\n<link rel=\"canonical\" href=\"https:\/\/uwm.edu\/c21\/television-representation-audience-industry\/\" \/>\n<meta property=\"og:locale\" content=\"en_US\" \/>\n<meta property=\"og:type\" content=\"article\" \/>\n<meta property=\"og:title\" content=\"Television: Representation, Audience, Industry\" \/>\n<meta property=\"og:description\" content=\"Television: Representation, Audience, Industry April 13-15 1988 with Mich\u00e8le Mattelart, John Caughie, Patrice Petro, Margaret Morse, Stephen Heath, Lidia Curti, Mary Ann Doane, Patricia Mellencamp, Jane Feuer, John Hartley, James Collins, Lynn Spigel, Andrew Tolson, Andrew Ross, Mimi White, Pamela &hellip;\" \/>\n<meta property=\"og:url\" content=\"https:\/\/uwm.edu\/c21\/television-representation-audience-industry\/\" \/>\n<meta property=\"og:site_name\" content=\"Center for 21st Century Studies\" \/>\n<meta property=\"article:modified_time\" content=\"2025-10-20T00:23:07+00:00\" \/>\n<meta property=\"og:image\" content=\"https:\/\/uwm.edu\/c21\/wp-content\/uploads\/sites\/359\/2020\/01\/Television-Representation-Audience-and-Industry-4.13-15.88-Poster-1-web.jpg\" \/>\n\t<meta property=\"og:image:width\" content=\"800\" \/>\n\t<meta property=\"og:image:height\" content=\"1318\" \/>\n\t<meta property=\"og:image:type\" content=\"image\/jpeg\" \/>\n<meta name=\"twitter:card\" content=\"summary_large_image\" \/>\n<meta name=\"twitter:label1\" content=\"Est. reading time\" \/>\n\t<meta name=\"twitter:data1\" content=\"2 minutes\" \/>\n<script type=\"application\/ld+json\" class=\"yoast-schema-graph\">{\"@context\":\"https:\\\/\\\/schema.org\",\"@graph\":[{\"@type\":\"WebPage\",\"@id\":\"https:\\\/\\\/uwm.edu\\\/c21\\\/television-representation-audience-industry\\\/\",\"url\":\"https:\\\/\\\/uwm.edu\\\/c21\\\/television-representation-audience-industry\\\/\",\"name\":\"Television: Representation, Audience, Industry - Center for 21st Century Studies\",\"isPartOf\":{\"@id\":\"https:\\\/\\\/uwm.edu\\\/c21\\\/#website\"},\"primaryImageOfPage\":{\"@id\":\"https:\\\/\\\/uwm.edu\\\/c21\\\/television-representation-audience-industry\\\/#primaryimage\"},\"image\":{\"@id\":\"https:\\\/\\\/uwm.edu\\\/c21\\\/television-representation-audience-industry\\\/#primaryimage\"},\"thumbnailUrl\":\"https:\\\/\\\/uwm.edu\\\/c21\\\/wp-content\\\/uploads\\\/sites\\\/359\\\/2020\\\/01\\\/Television-Representation-Audience-and-Industry-4.13-15.88-Poster-1-web-182x300.jpg\",\"datePublished\":\"2017-11-21T19:20:53+00:00\",\"dateModified\":\"2025-10-20T00:23:07+00:00\",\"breadcrumb\":{\"@id\":\"https:\\\/\\\/uwm.edu\\\/c21\\\/television-representation-audience-industry\\\/#breadcrumb\"},\"inLanguage\":\"en-US\",\"potentialAction\":[{\"@type\":\"ReadAction\",\"target\":[\"https:\\\/\\\/uwm.edu\\\/c21\\\/television-representation-audience-industry\\\/\"]}]},{\"@type\":\"ImageObject\",\"inLanguage\":\"en-US\",\"@id\":\"https:\\\/\\\/uwm.edu\\\/c21\\\/television-representation-audience-industry\\\/#primaryimage\",\"url\":\"https:\\\/\\\/uwm.edu\\\/c21\\\/wp-content\\\/uploads\\\/sites\\\/359\\\/2020\\\/01\\\/Television-Representation-Audience-and-Industry-4.13-15.88-Poster-1-web.jpg\",\"contentUrl\":\"https:\\\/\\\/uwm.edu\\\/c21\\\/wp-content\\\/uploads\\\/sites\\\/359\\\/2020\\\/01\\\/Television-Representation-Audience-and-Industry-4.13-15.88-Poster-1-web.jpg\",\"width\":800,\"height\":1318,\"caption\":\"Television Representation Audience and Industry Program\"},{\"@type\":\"BreadcrumbList\",\"@id\":\"https:\\\/\\\/uwm.edu\\\/c21\\\/television-representation-audience-industry\\\/#breadcrumb\",\"itemListElement\":[{\"@type\":\"ListItem\",\"position\":1,\"name\":\"Home\",\"item\":\"https:\\\/\\\/uwm.edu\\\/c21\\\/\"},{\"@type\":\"ListItem\",\"position\":2,\"name\":\"Television: Representation, Audience, Industry\"}]},{\"@type\":\"WebSite\",\"@id\":\"https:\\\/\\\/uwm.edu\\\/c21\\\/#website\",\"url\":\"https:\\\/\\\/uwm.edu\\\/c21\\\/\",\"name\":\"Center for 21st Century Studies\",\"description\":\"College of Letters &amp; Science\",\"publisher\":{\"@id\":\"https:\\\/\\\/uwm.edu\\\/c21\\\/#organization\"},\"potentialAction\":[{\"@type\":\"SearchAction\",\"target\":{\"@type\":\"EntryPoint\",\"urlTemplate\":\"https:\\\/\\\/uwm.edu\\\/c21\\\/?s={search_term_string}\"},\"query-input\":{\"@type\":\"PropertyValueSpecification\",\"valueRequired\":true,\"valueName\":\"search_term_string\"}}],\"inLanguage\":\"en-US\"},{\"@type\":\"Organization\",\"@id\":\"https:\\\/\\\/uwm.edu\\\/c21\\\/#organization\",\"name\":\"Center for 21st Century Studies\",\"url\":\"https:\\\/\\\/uwm.edu\\\/c21\\\/\",\"logo\":{\"@type\":\"ImageObject\",\"inLanguage\":\"en-US\",\"@id\":\"https:\\\/\\\/uwm.edu\\\/c21\\\/#\\\/schema\\\/logo\\\/image\\\/\",\"url\":\"https:\\\/\\\/uwm.edu\\\/c21\\\/wp-content\\\/uploads\\\/sites\\\/359\\\/2025\\\/08\\\/Logo-with-white-back-and-no-border-e1754601293707.jpg\",\"contentUrl\":\"https:\\\/\\\/uwm.edu\\\/c21\\\/wp-content\\\/uploads\\\/sites\\\/359\\\/2025\\\/08\\\/Logo-with-white-back-and-no-border-e1754601293707.jpg\",\"width\":423,\"height\":600,\"caption\":\"Center for 21st Century Studies\"},\"image\":{\"@id\":\"https:\\\/\\\/uwm.edu\\\/c21\\\/#\\\/schema\\\/logo\\\/image\\\/\"}}]}<\/script>\n<!-- \/ Yoast SEO Premium plugin. -->","yoast_head_json":{"title":"Center for 21st Century Studies","robots":{"index":"index","follow":"follow","max-snippet":"max-snippet:-1","max-image-preview":"max-image-preview:large","max-video-preview":"max-video-preview:-1"},"canonical":"https:\/\/uwm.edu\/c21\/television-representation-audience-industry\/","og_locale":"en_US","og_type":"article","og_title":"Television: Representation, Audience, Industry","og_description":"Television: Representation, Audience, Industry April 13-15 1988 with Mich\u00e8le Mattelart, John Caughie, Patrice Petro, Margaret Morse, Stephen Heath, Lidia Curti, Mary Ann Doane, Patricia Mellencamp, Jane Feuer, John Hartley, James Collins, Lynn Spigel, Andrew Tolson, Andrew Ross, Mimi White, Pamela &hellip;","og_url":"https:\/\/uwm.edu\/c21\/television-representation-audience-industry\/","og_site_name":"Center for 21st Century Studies","article_modified_time":"2025-10-20T00:23:07+00:00","og_image":[{"width":800,"height":1318,"url":"https:\/\/uwm.edu\/c21\/wp-content\/uploads\/sites\/359\/2020\/01\/Television-Representation-Audience-and-Industry-4.13-15.88-Poster-1-web.jpg","type":"image\/jpeg"}],"twitter_card":"summary_large_image","twitter_misc":{"Est. reading time":"2 minutes"},"schema":{"@context":"https:\/\/schema.org","@graph":[{"@type":"WebPage","@id":"https:\/\/uwm.edu\/c21\/television-representation-audience-industry\/","url":"https:\/\/uwm.edu\/c21\/television-representation-audience-industry\/","name":"Television: Representation, Audience, Industry - Center for 21st Century Studies","isPartOf":{"@id":"https:\/\/uwm.edu\/c21\/#website"},"primaryImageOfPage":{"@id":"https:\/\/uwm.edu\/c21\/television-representation-audience-industry\/#primaryimage"},"image":{"@id":"https:\/\/uwm.edu\/c21\/television-representation-audience-industry\/#primaryimage"},"thumbnailUrl":"https:\/\/uwm.edu\/c21\/wp-content\/uploads\/sites\/359\/2020\/01\/Television-Representation-Audience-and-Industry-4.13-15.88-Poster-1-web-182x300.jpg","datePublished":"2017-11-21T19:20:53+00:00","dateModified":"2025-10-20T00:23:07+00:00","breadcrumb":{"@id":"https:\/\/uwm.edu\/c21\/television-representation-audience-industry\/#breadcrumb"},"inLanguage":"en-US","potentialAction":[{"@type":"ReadAction","target":["https:\/\/uwm.edu\/c21\/television-representation-audience-industry\/"]}]},{"@type":"ImageObject","inLanguage":"en-US","@id":"https:\/\/uwm.edu\/c21\/television-representation-audience-industry\/#primaryimage","url":"https:\/\/uwm.edu\/c21\/wp-content\/uploads\/sites\/359\/2020\/01\/Television-Representation-Audience-and-Industry-4.13-15.88-Poster-1-web.jpg","contentUrl":"https:\/\/uwm.edu\/c21\/wp-content\/uploads\/sites\/359\/2020\/01\/Television-Representation-Audience-and-Industry-4.13-15.88-Poster-1-web.jpg","width":800,"height":1318,"caption":"Television Representation Audience and Industry Program"},{"@type":"BreadcrumbList","@id":"https:\/\/uwm.edu\/c21\/television-representation-audience-industry\/#breadcrumb","itemListElement":[{"@type":"ListItem","position":1,"name":"Home","item":"https:\/\/uwm.edu\/c21\/"},{"@type":"ListItem","position":2,"name":"Television: Representation, Audience, Industry"}]},{"@type":"WebSite","@id":"https:\/\/uwm.edu\/c21\/#website","url":"https:\/\/uwm.edu\/c21\/","name":"Center for 21st Century Studies","description":"College of Letters &amp; Science","publisher":{"@id":"https:\/\/uwm.edu\/c21\/#organization"},"potentialAction":[{"@type":"SearchAction","target":{"@type":"EntryPoint","urlTemplate":"https:\/\/uwm.edu\/c21\/?s={search_term_string}"},"query-input":{"@type":"PropertyValueSpecification","valueRequired":true,"valueName":"search_term_string"}}],"inLanguage":"en-US"},{"@type":"Organization","@id":"https:\/\/uwm.edu\/c21\/#organization","name":"Center for 21st Century Studies","url":"https:\/\/uwm.edu\/c21\/","logo":{"@type":"ImageObject","inLanguage":"en-US","@id":"https:\/\/uwm.edu\/c21\/#\/schema\/logo\/image\/","url":"https:\/\/uwm.edu\/c21\/wp-content\/uploads\/sites\/359\/2025\/08\/Logo-with-white-back-and-no-border-e1754601293707.jpg","contentUrl":"https:\/\/uwm.edu\/c21\/wp-content\/uploads\/sites\/359\/2025\/08\/Logo-with-white-back-and-no-border-e1754601293707.jpg","width":423,"height":600,"caption":"Center for 21st Century Studies"},"image":{"@id":"https:\/\/uwm.edu\/c21\/#\/schema\/logo\/image\/"}}]}},"acf":[],"_links":{"self":[{"href":"https:\/\/uwm.edu\/c21\/wp-json\/wp\/v2\/pages\/1592","targetHints":{"allow":["GET"]}}],"collection":[{"href":"https:\/\/uwm.edu\/c21\/wp-json\/wp\/v2\/pages"}],"about":[{"href":"https:\/\/uwm.edu\/c21\/wp-json\/wp\/v2\/types\/page"}],"author":[{"embeddable":true,"href":"https:\/\/uwm.edu\/c21\/wp-json\/wp\/v2\/users\/690"}],"replies":[{"embeddable":true,"href":"https:\/\/uwm.edu\/c21\/wp-json\/wp\/v2\/comments?post=1592"}],"version-history":[{"count":4,"href":"https:\/\/uwm.edu\/c21\/wp-json\/wp\/v2\/pages\/1592\/revisions"}],"predecessor-version":[{"id":6864,"href":"https:\/\/uwm.edu\/c21\/wp-json\/wp\/v2\/pages\/1592\/revisions\/6864"}],"wp:attachment":[{"href":"https:\/\/uwm.edu\/c21\/wp-json\/wp\/v2\/media?parent=1592"}],"curies":[{"name":"wp","href":"https:\/\/api.w.org\/{rel}","templated":true}]}}