{"id":723,"date":"2020-05-20T16:03:09","date_gmt":"2020-05-20T21:03:09","guid":{"rendered":"https:\/\/uwm.edu\/biometeorology\/?page_id=723"},"modified":"2023-07-14T11:40:43","modified_gmt":"2023-07-14T16:40:43","slug":"past-executive-boards","status":"publish","type":"page","link":"https:\/\/uwm.edu\/biometeorology\/past-executive-boards\/","title":{"rendered":"Past Executive Boards"},"content":{"rendered":"<dl>\n<dt>\n<dl>\n<dt><strong>ISB EXECUTIVE BOARD 2020 &#8211; 2023 (Click to open)<\/strong><\/dt>\n<dt><a href=\"https:\/\/uwm.edu\/biometeorology\/wp-content\/uploads\/sites\/439\/2021\/09\/EB-2020-2023.pdf\"><img loading=\"lazy\" decoding=\"async\" class=\"aligncenter wp-image-846 size-full\" src=\"https:\/\/uwm.edu\/biometeorology\/wp-content\/uploads\/sites\/439\/2020\/08\/EB-2020-2023-1.png\" alt=\"Executive Board 2020 - 2023\" width=\"389\" height=\"611\" srcset=\"https:\/\/uwm.edu\/biometeorology\/wp-content\/uploads\/sites\/439\/2020\/08\/EB-2020-2023-1.png 389w, https:\/\/uwm.edu\/biometeorology\/wp-content\/uploads\/sites\/439\/2020\/08\/EB-2020-2023-1-191x300.png 191w\" sizes=\"auto, (max-width: 389px) 100vw, 389px\" \/><\/a><\/dt>\n<\/dl>\n<\/dt>\n<dt><strong>ISB EXECUTIVE BOARD 2017 &#8211; 2020<\/strong><\/dt>\n<dt>President:\u00a0 Pablo Fernandez de Arroyabe Hernaez (Spain)<\/dt>\n<dt>President-elect:\u00a0 Marie R. Keatley (Australia)<\/dt>\n<dt>Vice Presidents<\/dt>\n<dd>Elena Grigorieva (Russian Federation)<\/dd>\n<dd>Scott Sheridan (and IJB Editor-in-Chief, USA)<\/dd>\n<dt>Past-President:\u00a0 Mark D. Schwartz (USA)<\/dt>\n<dt>Secretary:\u00a0 Michael Allen (USA)<\/dt>\n<dt>Treasurer:\u00a0 John Gaughan (Australia)<\/dt>\n<dt>Councilors<\/dt>\n<dd>Hesham H. Khalifa (Africa)<\/dd>\n<dd>Hayati Koknaroglu (Asia)<\/dd>\n<dd>Simon Gosling (Europe)<\/dd>\n<dd>Luis Lecha Estela (Latin America and the Caribbean)<\/dd>\n<dd>Jennifer Vanos (North America)<\/dd>\n<dd>Lynda Chambers (Oceania)<\/dd>\n<dt>Observer on the Executive Board:\u00a0 Peter H\u00f6ppe (Tromp Foundation, Netherlands)<\/dt>\n<\/dl>\n<p>&nbsp;<\/p>\n<p><strong>ISB EXECUTIVE BOARD 2014-2017<\/strong><\/p>\n<p><em>President:\u00a0 <\/em>Mark D. Schwartz<\/p>\n<p><em>President Elect:\u00a0 <\/em>Pablo Fern\u00e1ndez de Arr\u00f3yabe Hern\u00e1ez &gt;<\/p>\n<p><em>Past President:\u00a0 <\/em>Glenn McGregor<\/p>\n<p><em>Vice-Presidents<\/em><\/p>\n<p>Elena Grigorieva\u00a0 and Marie R. Keatley<\/p>\n<p><em>Editor-in-Chief<\/em><\/p>\n<p>Scott Sheridan<\/p>\n<p><em>Secretary<\/em><\/p>\n<p>Jonathan M. Hanes<\/p>\n<p><em>Treasurer<\/em><\/p>\n<p>John Gaughan<\/p>\n<p><em>Councilor (Africa)<\/em><\/p>\n<p>Hesham H. Khalifa<\/p>\n<p><em>Councilor (Asia)<\/em><\/p>\n<p>Junhu Dai<\/p>\n<p><em>Councilor (Europe)<\/em><\/p>\n<p>Simon N. Gosling<\/p>\n<p><em>Councilor (Latin America and the Caribbean)<\/em><\/p>\n<p>Luis Bartolom\u00e9 Lecha Estela<\/p>\n<p><em>Councilor (Northern America)<\/em><\/p>\n<p>Robert E. Davis<\/p>\n<p><em>Councilor (Oceania)<\/em><\/p>\n<p>Lynda Chambers<\/p>\n<p><em>Observer to the Board<\/em><\/p>\n<p>Wop J. Rietveld<\/p>\n<p>&nbsp;<\/p>\n<p><strong>ISB EXECUTIVE BOARD 2011-2014<\/strong><\/p>\n<p><em>President<\/em><\/p>\n<p>Glenn McGregor (United Kingdom)<\/p>\n<p><em>President-Elect<\/em><\/p>\n<p>Mark D. Schwartz (USA)<\/p>\n<p><em>Vice Presidents<\/em><\/p>\n<p>Chris de Freitas (New Zealand)<\/p>\n<p>Pablo Fernandez de Arroyabe Hernaez (Spain)<\/p>\n<p><em>Past President<\/em><\/p>\n<p>Paul Beggs (Australia)<\/p>\n<p><em>Secretary<\/em><\/p>\n<p>Jonathan M. Hanes (USA)<\/p>\n<p><em>Treasurer<\/em><\/p>\n<p>John Gaughan (Australia)<\/p>\n<p><em>IJB Editor-In-Chief<\/em><\/p>\n<p>Scott Sheridan (USA)<\/p>\n<p><em>Councilors<\/em><\/p>\n<p>Lynda Chambers (Australia)<\/p>\n<p>Robert Davis (USA)<\/p>\n<p>Elena Grigorieva (Russian Federation)<\/p>\n<p><em>Observers on the Executive Board<\/em><\/p>\n<p>Tanja Cegnar (Slovenia)<\/p>\n<p>Hesham Khalifa (Egypt)<\/p>\n<p>Wopke Rietveld (Tromp Foundation, Netherlands)<\/p>\n<p>Shouraseni Sen Roy (USA)<\/p>\n<p>&nbsp;<\/p>\n<p><strong>ISB Executive Board 2008-2011<\/strong><\/p>\n<p><strong><em>President<\/em><\/strong><\/p>\n<p>Paul Beggs (Australia)<\/p>\n<p><strong><em>President-Elect<\/em><\/strong><\/p>\n<p>Glenn McGregor (New Zealand)<\/p>\n<p><strong><em>Vice Presidents<\/em><\/strong><\/p>\n<p>Andreas Matzarakis (Germany)\u00a0 and Masaaki Shibata (France)<\/p>\n<p><strong><em>Past President<\/em><\/strong><\/p>\n<p>Laurence Kalkstein (USA)<\/p>\n<p><strong><em>Secretary<\/em><\/strong><\/p>\n<p>Mark D. Schwartz (USA)<\/p>\n<p><strong><em>Treasurer<\/em><\/strong><\/p>\n<p>John Gaughan (Australia)<\/p>\n<p><strong><em>IJB Editor-in-Chief<\/em><\/strong><\/p>\n<p>Scott Sheridan (USA)<\/p>\n<p><strong><em>Councillors<\/em><\/strong><\/p>\n<p>Tanja Cegnar (Slovenia)<\/p>\n<p>Pablo Fernandez de Arroyabe Hernaez (Spain)<\/p>\n<p>Hesham Khalifa (Eqypt)<\/p>\n<p><strong><em>Observers on the Executive Board<\/em><\/strong><\/p>\n<p>Chris de Freitas (New Zealand)<\/p>\n<p>LeRoy Hahn (USA)<\/p>\n","protected":false},"excerpt":{"rendered":"<p class=\"card-text\">ISB EXECUTIVE BOARD 2020 &#8211; 2023 (Click to open) ISB EXECUTIVE BOARD 2017 &#8211; 2020 President:\u00a0 Pablo Fernandez de Arroyabe Hernaez (Spain) President-elect:\u00a0 Marie R. Keatley (Australia) Vice Presidents Elena [&hellip;]<\/p>\n","protected":false},"author":37709,"featured_media":0,"parent":0,"menu_order":7,"comment_status":"closed","ping_status":"closed","template":"","meta":{"footnotes":"","uwm_wg_additional_authors":[]},"class_list":["post-723","page","type-page","status-publish","hentry"],"yoast_head":"<!-- This site is optimized with the Yoast SEO Premium plugin v27.3 (Yoast SEO v27.3) - https:\/\/yoast.com\/product\/yoast-seo-premium-wordpress\/ -->\n<title>Past Executive Boards - International Society of Biometeorology<\/title>\n<meta name=\"robots\" content=\"index, follow, max-snippet:-1, max-image-preview:large, max-video-preview:-1\" \/>\n<link rel=\"canonical\" href=\"https:\/\/uwm.edu\/biometeorology\/past-executive-boards\/\" \/>\n<meta property=\"og:locale\" content=\"en_US\" \/>\n<meta property=\"og:type\" content=\"article\" \/>\n<meta property=\"og:title\" content=\"Past Executive Boards\" \/>\n<meta property=\"og:description\" content=\"ISB EXECUTIVE BOARD 2020 &#8211; 2023 (Click to open) ISB EXECUTIVE BOARD 2017 &#8211; 2020 President:\u00a0 Pablo Fernandez de Arroyabe Hernaez (Spain) President-elect:\u00a0 Marie R. Keatley (Australia) Vice Presidents Elena [&hellip;]\" \/>\n<meta property=\"og:url\" content=\"https:\/\/uwm.edu\/biometeorology\/past-executive-boards\/\" \/>\n<meta property=\"og:site_name\" content=\"International Society of Biometeorology\" \/>\n<meta property=\"article:modified_time\" content=\"2023-07-14T16:40:43+00:00\" \/>\n<meta property=\"og:image\" content=\"https:\/\/uwm.edu\/biometeorology\/wp-content\/uploads\/sites\/439\/2020\/08\/EB-2020-2023-1.png\" \/>\n\t<meta property=\"og:image:width\" content=\"389\" \/>\n\t<meta property=\"og:image:height\" content=\"611\" \/>\n\t<meta property=\"og:image:type\" content=\"image\/png\" \/>\n<meta name=\"twitter:card\" content=\"summary_large_image\" \/>\n<meta name=\"twitter:label1\" content=\"Est. reading time\" \/>\n\t<meta name=\"twitter:data1\" content=\"2 minutes\" \/>\n<script type=\"application\/ld+json\" class=\"yoast-schema-graph\">{\"@context\":\"https:\\\/\\\/schema.org\",\"@graph\":[{\"@type\":\"WebPage\",\"@id\":\"https:\\\/\\\/uwm.edu\\\/biometeorology\\\/past-executive-boards\\\/\",\"url\":\"https:\\\/\\\/uwm.edu\\\/biometeorology\\\/past-executive-boards\\\/\",\"name\":\"Past Executive Boards - International Society of Biometeorology\",\"isPartOf\":{\"@id\":\"https:\\\/\\\/uwm.edu\\\/biometeorology\\\/#website\"},\"primaryImageOfPage\":{\"@id\":\"https:\\\/\\\/uwm.edu\\\/biometeorology\\\/past-executive-boards\\\/#primaryimage\"},\"image\":{\"@id\":\"https:\\\/\\\/uwm.edu\\\/biometeorology\\\/past-executive-boards\\\/#primaryimage\"},\"thumbnailUrl\":\"https:\\\/\\\/uwm.edu\\\/biometeorology\\\/wp-content\\\/uploads\\\/sites\\\/439\\\/2020\\\/08\\\/EB-2020-2023-1.png\",\"datePublished\":\"2020-05-20T21:03:09+00:00\",\"dateModified\":\"2023-07-14T16:40:43+00:00\",\"breadcrumb\":{\"@id\":\"https:\\\/\\\/uwm.edu\\\/biometeorology\\\/past-executive-boards\\\/#breadcrumb\"},\"inLanguage\":\"en-US\",\"potentialAction\":[{\"@type\":\"ReadAction\",\"target\":[\"https:\\\/\\\/uwm.edu\\\/biometeorology\\\/past-executive-boards\\\/\"]}]},{\"@type\":\"ImageObject\",\"inLanguage\":\"en-US\",\"@id\":\"https:\\\/\\\/uwm.edu\\\/biometeorology\\\/past-executive-boards\\\/#primaryimage\",\"url\":\"https:\\\/\\\/uwm.edu\\\/biometeorology\\\/wp-content\\\/uploads\\\/sites\\\/439\\\/2020\\\/08\\\/EB-2020-2023-1.png\",\"contentUrl\":\"https:\\\/\\\/uwm.edu\\\/biometeorology\\\/wp-content\\\/uploads\\\/sites\\\/439\\\/2020\\\/08\\\/EB-2020-2023-1.png\",\"width\":389,\"height\":611,\"caption\":\"Executive Board 2020 - 2023\"},{\"@type\":\"BreadcrumbList\",\"@id\":\"https:\\\/\\\/uwm.edu\\\/biometeorology\\\/past-executive-boards\\\/#breadcrumb\",\"itemListElement\":[{\"@type\":\"ListItem\",\"position\":1,\"name\":\"Home\",\"item\":\"https:\\\/\\\/uwm.edu\\\/biometeorology\\\/\"},{\"@type\":\"ListItem\",\"position\":2,\"name\":\"Past Executive Boards\"}]},{\"@type\":\"WebSite\",\"@id\":\"https:\\\/\\\/uwm.edu\\\/biometeorology\\\/#website\",\"url\":\"https:\\\/\\\/uwm.edu\\\/biometeorology\\\/\",\"name\":\"International Society of Biometeorology\",\"description\":\"Established 1956\",\"potentialAction\":[{\"@type\":\"SearchAction\",\"target\":{\"@type\":\"EntryPoint\",\"urlTemplate\":\"https:\\\/\\\/uwm.edu\\\/biometeorology\\\/?s={search_term_string}\"},\"query-input\":{\"@type\":\"PropertyValueSpecification\",\"valueRequired\":true,\"valueName\":\"search_term_string\"}}],\"inLanguage\":\"en-US\"}]}<\/script>\n<!-- \/ Yoast SEO Premium plugin. -->","yoast_head_json":{"title":"Past Executive Boards - International Society of Biometeorology","robots":{"index":"index","follow":"follow","max-snippet":"max-snippet:-1","max-image-preview":"max-image-preview:large","max-video-preview":"max-video-preview:-1"},"canonical":"https:\/\/uwm.edu\/biometeorology\/past-executive-boards\/","og_locale":"en_US","og_type":"article","og_title":"Past Executive Boards","og_description":"ISB EXECUTIVE BOARD 2020 &#8211; 2023 (Click to open) ISB EXECUTIVE BOARD 2017 &#8211; 2020 President:\u00a0 Pablo Fernandez de Arroyabe Hernaez (Spain) President-elect:\u00a0 Marie R. Keatley (Australia) Vice Presidents Elena [&hellip;]","og_url":"https:\/\/uwm.edu\/biometeorology\/past-executive-boards\/","og_site_name":"International Society of Biometeorology","article_modified_time":"2023-07-14T16:40:43+00:00","og_image":[{"width":389,"height":611,"url":"https:\/\/uwm.edu\/biometeorology\/wp-content\/uploads\/sites\/439\/2020\/08\/EB-2020-2023-1.png","type":"image\/png"}],"twitter_card":"summary_large_image","twitter_misc":{"Est. reading time":"2 minutes"},"schema":{"@context":"https:\/\/schema.org","@graph":[{"@type":"WebPage","@id":"https:\/\/uwm.edu\/biometeorology\/past-executive-boards\/","url":"https:\/\/uwm.edu\/biometeorology\/past-executive-boards\/","name":"Past Executive Boards - International Society of Biometeorology","isPartOf":{"@id":"https:\/\/uwm.edu\/biometeorology\/#website"},"primaryImageOfPage":{"@id":"https:\/\/uwm.edu\/biometeorology\/past-executive-boards\/#primaryimage"},"image":{"@id":"https:\/\/uwm.edu\/biometeorology\/past-executive-boards\/#primaryimage"},"thumbnailUrl":"https:\/\/uwm.edu\/biometeorology\/wp-content\/uploads\/sites\/439\/2020\/08\/EB-2020-2023-1.png","datePublished":"2020-05-20T21:03:09+00:00","dateModified":"2023-07-14T16:40:43+00:00","breadcrumb":{"@id":"https:\/\/uwm.edu\/biometeorology\/past-executive-boards\/#breadcrumb"},"inLanguage":"en-US","potentialAction":[{"@type":"ReadAction","target":["https:\/\/uwm.edu\/biometeorology\/past-executive-boards\/"]}]},{"@type":"ImageObject","inLanguage":"en-US","@id":"https:\/\/uwm.edu\/biometeorology\/past-executive-boards\/#primaryimage","url":"https:\/\/uwm.edu\/biometeorology\/wp-content\/uploads\/sites\/439\/2020\/08\/EB-2020-2023-1.png","contentUrl":"https:\/\/uwm.edu\/biometeorology\/wp-content\/uploads\/sites\/439\/2020\/08\/EB-2020-2023-1.png","width":389,"height":611,"caption":"Executive Board 2020 - 2023"},{"@type":"BreadcrumbList","@id":"https:\/\/uwm.edu\/biometeorology\/past-executive-boards\/#breadcrumb","itemListElement":[{"@type":"ListItem","position":1,"name":"Home","item":"https:\/\/uwm.edu\/biometeorology\/"},{"@type":"ListItem","position":2,"name":"Past Executive Boards"}]},{"@type":"WebSite","@id":"https:\/\/uwm.edu\/biometeorology\/#website","url":"https:\/\/uwm.edu\/biometeorology\/","name":"International Society of Biometeorology","description":"Established 1956","potentialAction":[{"@type":"SearchAction","target":{"@type":"EntryPoint","urlTemplate":"https:\/\/uwm.edu\/biometeorology\/?s={search_term_string}"},"query-input":{"@type":"PropertyValueSpecification","valueRequired":true,"valueName":"search_term_string"}}],"inLanguage":"en-US"}]}},"_links":{"self":[{"href":"https:\/\/uwm.edu\/biometeorology\/wp-json\/wp\/v2\/pages\/723","targetHints":{"allow":["GET"]}}],"collection":[{"href":"https:\/\/uwm.edu\/biometeorology\/wp-json\/wp\/v2\/pages"}],"about":[{"href":"https:\/\/uwm.edu\/biometeorology\/wp-json\/wp\/v2\/types\/page"}],"author":[{"embeddable":true,"href":"https:\/\/uwm.edu\/biometeorology\/wp-json\/wp\/v2\/users\/37709"}],"replies":[{"embeddable":true,"href":"https:\/\/uwm.edu\/biometeorology\/wp-json\/wp\/v2\/comments?post=723"}],"version-history":[{"count":6,"href":"https:\/\/uwm.edu\/biometeorology\/wp-json\/wp\/v2\/pages\/723\/revisions"}],"predecessor-version":[{"id":1263,"href":"https:\/\/uwm.edu\/biometeorology\/wp-json\/wp\/v2\/pages\/723\/revisions\/1263"}],"wp:attachment":[{"href":"https:\/\/uwm.edu\/biometeorology\/wp-json\/wp\/v2\/media?parent=723"}],"curies":[{"name":"wp","href":"https:\/\/api.w.org\/{rel}","templated":true}]}}